Last updated on 2022-05-27 02:50:27 CEST.
Flavor | Version | Tinstall | Tcheck | Ttotal | Status | Flags |
---|---|---|---|---|---|---|
r-devel-linux-x86_64-debian-clang | 0.2.2 | 5.20 | 38.15 | 43.35 | OK | |
r-devel-linux-x86_64-debian-gcc | 0.2.2 | 3.48 | 32.88 | 36.36 | OK | |
r-devel-linux-x86_64-fedora-clang | 0.2.2 | 50.37 | NOTE | |||
r-devel-linux-x86_64-fedora-gcc | 0.2.2 | 39.75 | OK | |||
r-devel-windows-x86_64 | 0.2.2 | 14.00 | 54.00 | 68.00 | OK | |
r-patched-linux-x86_64 | 0.2.2 | 5.37 | 35.96 | 41.33 | OK | |
r-release-linux-x86_64 | 0.2.2 | 4.53 | 35.81 | 40.34 | OK | |
r-release-macos-arm64 | 0.2.2 | 18.00 | OK | |||
r-release-macos-x86_64 | 0.2.2 | 27.00 | OK | |||
r-release-windows-x86_64 | 0.2.2 | 17.00 | 55.00 | 72.00 | OK | |
r-oldrel-macos-arm64 | 0.2.2 | 18.00 | OK | |||
r-oldrel-macos-x86_64 | 0.2.2 | 28.00 | OK | |||
r-oldrel-windows-ix86+x86_64 | 0.2.2 | 14.00 | 48.00 | 62.00 | OK |
Version: 0.2.2
Check: Rd cross-references
Result: NOTE
Undeclared package ‘shiny’ in Rd xrefs
Flavor: r-devel-linux-x86_64-fedora-clang