Last updated on 2023-06-11 01:53:47 CEST.
Flavor | Version | Tinstall | Tcheck | Ttotal | Status | Flags |
---|---|---|---|---|---|---|
r-devel-linux-x86_64-debian-clang | 0.2.0 | 119.59 | 224.84 | 344.43 | OK | |
r-devel-linux-x86_64-debian-gcc | 0.2.0 | 96.50 | 170.38 | 266.88 | OK | |
r-devel-linux-x86_64-fedora-clang | 0.2.0 | 460.32 | OK | |||
r-devel-linux-x86_64-fedora-gcc | 0.2.0 | 379.21 | OK | |||
r-devel-windows-x86_64 | 0.2.0 | 70.00 | 191.00 | 261.00 | OK | |
r-patched-linux-x86_64 | 0.2.0 | 106.70 | 217.77 | 324.47 | OK | |
r-release-linux-x86_64 | 0.2.0 | 95.27 | 216.81 | 312.08 | OK | |
r-release-macos-arm64 | 0.2.0 | 119.00 | NOTE | |||
r-release-windows-x86_64 | 0.2.0 | 123.00 | 275.00 | 398.00 | OK | |
r-oldrel-macos-arm64 | 0.2.0 | 131.00 | NOTE | |||
r-oldrel-macos-x86_64 | 0.2.0 | 153.00 | NOTE | |||
r-oldrel-windows-x86_64 | 0.2.0 | 114.00 | 255.00 | 369.00 | OK |
Version: 0.2.0
Check: installed package size
Result: NOTE
installed size is 13.0Mb
sub-directories of 1Mb or more:
data 1.1Mb
libs 10.9Mb
Flavors: r-release-macos-arm64, r-oldrel-macos-arm64, r-oldrel-macos-x86_64