Last updated on 2022-07-05 02:53:41 CEST.
Flavor | Version | Tinstall | Tcheck | Ttotal | Status | Flags |
---|---|---|---|---|---|---|
r-devel-linux-x86_64-debian-clang | 0.2.1 | 5.07 | 41.86 | 46.93 | OK | |
r-devel-linux-x86_64-debian-gcc | 0.2.1 | 4.37 | 31.22 | 35.59 | OK | |
r-devel-linux-x86_64-fedora-clang | 0.2.1 | 64.83 | WARN | |||
r-devel-linux-x86_64-fedora-gcc | 0.2.1 | 63.76 | WARN | |||
r-devel-windows-x86_64 | 0.2.1 | 236.00 | 62.00 | 298.00 | NOTE | |
r-patched-linux-x86_64 | 0.2.1 | 5.51 | 39.22 | 44.73 | OK | |
r-release-linux-x86_64 | 0.2.1 | 3.22 | 38.77 | 41.99 | OK | |
r-release-macos-arm64 | 0.2.1 | 25.00 | NOTE | |||
r-release-macos-x86_64 | 0.2.1 | 35.00 | NOTE | |||
r-release-windows-x86_64 | 0.2.1 | 251.00 | 67.00 | 318.00 | NOTE | |
r-oldrel-macos-arm64 | 0.2.1 | 22.00 | NOTE | |||
r-oldrel-macos-x86_64 | 0.2.1 | 29.00 | NOTE | |||
r-oldrel-windows-ix86+x86_64 | 0.2.1 | 13.00 | 70.00 | 83.00 | NOTE |
Version: 0.2.1
Check: package dependencies
Result: WARN
Requires (indirectly) orphaned package: ‘gtools’
Flavors: r-devel-linux-x86_64-fedora-clang, r-devel-linux-x86_64-fedora-gcc
Version: 0.2.1
Check: installed package size
Result: NOTE
installed size is 5.8Mb
sub-directories of 1Mb or more:
shiny-squid 5.6Mb
Flavors: r-devel-linux-x86_64-fedora-clang, r-devel-windows-x86_64, r-release-macos-arm64, r-release-macos-x86_64, r-release-windows-x86_64, r-oldrel-macos-arm64, r-oldrel-macos-x86_64, r-oldrel-windows-ix86+x86_64
Version: 0.2.1
Check: dependencies in R code
Result: NOTE
Namespaces in Imports field not imported from:
‘arm’ ‘brms’ ‘lme4’ ‘plotly’ ‘shinyMatrix’
All declared Imports should be used.
Flavors: r-devel-linux-x86_64-fedora-clang, r-devel-linux-x86_64-fedora-gcc, r-release-macos-arm64, r-release-macos-x86_64, r-oldrel-macos-arm64, r-oldrel-macos-x86_64