Last updated on 2025-04-30 01:50:38 CEST.
Flavor | Version | Tinstall | Tcheck | Ttotal | Status | Flags |
---|---|---|---|---|---|---|
r-devel-linux-x86_64-debian-clang | 1.2.0 | 1.99 | 34.17 | 36.16 | NOTE | |
r-devel-linux-x86_64-debian-gcc | 1.2.0 | 1.55 | 27.35 | 28.90 | OK | |
r-devel-linux-x86_64-fedora-clang | 1.2.0 | 59.88 | OK | |||
r-devel-linux-x86_64-fedora-gcc | 1.2.0 | 59.60 | OK | |||
r-devel-windows-x86_64 | 1.2.0 | 3.00 | 60.00 | 63.00 | OK | |
r-patched-linux-x86_64 | 1.2.0 | 2.52 | 36.24 | 38.76 | OK | |
r-release-linux-x86_64 | 1.2.0 | 2.27 | 35.95 | 38.22 | OK | |
r-release-macos-arm64 | 1.2.0 | 31.00 | OK | |||
r-release-macos-x86_64 | 1.2.0 | 48.00 | OK | |||
r-release-windows-x86_64 | 1.2.0 | 3.00 | 59.00 | 62.00 | OK | |
r-oldrel-macos-arm64 | 1.2.0 | 23.00 | OK | |||
r-oldrel-macos-x86_64 | 1.2.0 | 39.00 | OK | |||
r-oldrel-windows-x86_64 | 1.2.0 | 5.00 | 64.00 | 69.00 | OK |
Version: 1.2.0
Check: examples
Result: NOTE
Examples with CPU (user + system) or elapsed time > 5s
user system elapsed
srp.c 4.701 0.001 5.112
Flavor: r-devel-linux-x86_64-debian-clang