Last updated on 2024-04-19 01:59:03 CEST.
Flavor | Version | Tinstall | Tcheck | Ttotal | Status | Flags |
---|---|---|---|---|---|---|
r-devel-linux-x86_64-debian-clang | 1.0.6 | 125.46 | 389.77 | 515.23 | OK | |
r-devel-linux-x86_64-debian-gcc | 1.0.6 | 121.15 | 288.01 | 409.16 | OK | |
r-devel-linux-x86_64-fedora-clang | 1.0.6 | 650.49 | OK | |||
r-devel-linux-x86_64-fedora-gcc | 1.0.6 | 691.68 | OK | |||
r-prerel-macos-arm64 | 1.0.6 | 234.00 | NOTE | |||
r-prerel-windows-x86_64 | 1.0.6 | 109.00 | 410.00 | 519.00 | NOTE | |
r-patched-linux-x86_64 | 1.0.6 | 152.10 | 370.34 | 522.44 | OK | |
r-release-linux-x86_64 | 1.0.6 | 106.92 | 374.56 | 481.48 | OK | |
r-release-macos-arm64 | 1.0.6 | 341.00 | NOTE | |||
r-release-macos-x86_64 | 1.0.6 | 488.00 | NOTE | |||
r-release-windows-x86_64 | 1.0.6 | 133.00 | 576.00 | 709.00 | NOTE | |
r-oldrel-macos-arm64 | 1.0.6 | 244.00 | NOTE | |||
r-oldrel-windows-x86_64 | 1.0.6 | 132.00 | 542.00 | 674.00 | NOTE |
Version: 1.0.6
Check: installed package size
Result: NOTE
installed size is 43.4Mb
sub-directories of 1Mb or more:
doc 1.2Mb
help 1.0Mb
libs 40.8Mb
Flavors: r-prerel-macos-arm64, r-prerel-windows-x86_64, r-release-macos-arm64, r-release-macos-x86_64, r-release-windows-x86_64, r-oldrel-macos-arm64, r-oldrel-windows-x86_64