Last updated on 2024-04-20 01:50:14 CEST.
Flavor | Version | Tinstall | Tcheck | Ttotal | Status | Flags |
---|---|---|---|---|---|---|
r-devel-linux-x86_64-debian-clang | 0.9.1 | 5.51 | 30.67 | 36.18 | OK | |
r-devel-linux-x86_64-debian-gcc | 0.9.1 | OK | ||||
r-devel-linux-x86_64-fedora-clang | 0.9.1 | 48.06 | OK | |||
r-devel-linux-x86_64-fedora-gcc | 0.9.1 | 58.38 | OK | |||
r-prerel-macos-arm64 | 0.9.1 | 31.00 | OK | |||
r-prerel-windows-x86_64 | 0.9.1 | 18.00 | 91.00 | 109.00 | NOTE | |
r-patched-linux-x86_64 | 0.9.1 | 5.00 | 28.65 | 33.65 | OK | |
r-release-linux-x86_64 | 0.9.1 | 5.53 | 28.22 | 33.75 | OK | |
r-release-macos-arm64 | 0.9.1 | 32.00 | OK | |||
r-release-macos-x86_64 | 0.9.1 | 62.00 | OK | |||
r-release-windows-x86_64 | 0.9.1 | 23.00 | 108.00 | 131.00 | NOTE | |
r-oldrel-macos-arm64 | 0.9.1 | 30.00 | OK | |||
r-oldrel-windows-x86_64 | 0.9.1 | 21.00 | 91.00 | 112.00 | NOTE |
Version: 0.9.1
Check: installed package size
Result: NOTE
installed size is 5.5Mb
sub-directories of 1Mb or more:
libs 4.6Mb
Flavors: r-prerel-windows-x86_64, r-release-windows-x86_64, r-oldrel-windows-x86_64