Last updated on 2024-05-02 01:57:17 CEST.
Flavor | Version | Tinstall | Tcheck | Ttotal | Status | Flags |
---|---|---|---|---|---|---|
r-devel-linux-x86_64-debian-clang | 0.1.1 | 3.20 | 94.78 | 97.98 | OK | |
r-devel-linux-x86_64-debian-gcc | 0.1.1 | 2.48 | 65.42 | 67.90 | OK | |
r-devel-linux-x86_64-fedora-clang | 0.1.1 | 120.23 | NOTE | |||
r-devel-linux-x86_64-fedora-gcc | 0.1.1 | 126.43 | NOTE | |||
r-devel-windows-x86_64 | 0.1.1 | 5.00 | 81.00 | 86.00 | OK | |
r-patched-linux-x86_64 | 0.1.1 | 2.04 | 91.33 | 93.37 | OK | |
r-release-linux-x86_64 | 0.1.1 | 2.48 | 91.03 | 93.51 | OK | |
r-release-macos-arm64 | 0.1.1 | 37.00 | OK | |||
r-release-windows-x86_64 | 0.1.1 | 4.00 | 82.00 | 86.00 | OK | |
r-oldrel-macos-arm64 | 0.1.1 | 43.00 | OK | |||
r-oldrel-macos-x86_64 | 0.1.1 | 67.00 | OK | |||
r-oldrel-windows-x86_64 | 0.1.1 | 5.00 | 96.00 | 101.00 | OK |
Version: 0.1.1
Check: dependencies in R code
Result: NOTE
Namespace in Imports field not imported from: ‘e1071’
All declared Imports should be used.
Flavors: r-devel-linux-x86_64-fedora-clang, r-devel-linux-x86_64-fedora-gcc