Last updated on 2024-08-16 01:48:31 CEST.
Flavor | Version | Tinstall | Tcheck | Ttotal | Status | Flags |
---|---|---|---|---|---|---|
r-devel-linux-x86_64-debian-clang | 1.0.6 | 18.13 | 307.61 | 325.74 | OK | |
r-devel-linux-x86_64-debian-gcc | 1.0.6 | 13.18 | 208.92 | 222.10 | OK | |
r-devel-linux-x86_64-fedora-clang | 1.0.6 | 514.14 | NOTE | |||
r-devel-linux-x86_64-fedora-gcc | 1.0.6 | 521.58 | NOTE | |||
r-devel-windows-x86_64 | 1.0.6 | 18.00 | 272.00 | 290.00 | OK | |
r-patched-linux-x86_64 | 1.0.6 | 18.37 | 296.81 | 315.18 | OK | |
r-release-linux-x86_64 | 1.0.6 | 16.48 | 296.02 | 312.50 | OK | |
r-release-macos-arm64 | 1.0.6 | 121.00 | OK | |||
r-release-macos-x86_64 | 1.0.6 | 207.00 | OK | |||
r-release-windows-x86_64 | 1.0.6 | 19.00 | 278.00 | 297.00 | OK | |
r-oldrel-macos-arm64 | 1.0.6 | 171.00 | OK | |||
r-oldrel-macos-x86_64 | 1.0.6 | 235.00 | OK | |||
r-oldrel-windows-x86_64 | 1.0.6 | 27.00 | 365.00 | 392.00 | OK |
Version: 1.0.6
Check: dependencies in R code
Result: NOTE
Namespace in Imports field not imported from: ‘knitr’
All declared Imports should be used.
Flavors: r-devel-linux-x86_64-fedora-clang, r-devel-linux-x86_64-fedora-gcc