Last updated on 2025-02-01 01:50:47 CET.
Flavor | Version | Tinstall | Tcheck | Ttotal | Status | Flags |
---|---|---|---|---|---|---|
r-devel-linux-x86_64-debian-clang | 1.1.6 | 4.55 | 25.43 | 29.98 | NOTE | |
r-devel-linux-x86_64-debian-gcc | 1.1.6 | 3.06 | 19.58 | 22.64 | NOTE | |
r-devel-linux-x86_64-fedora-clang | 1.1.6 | 48.82 | NOTE | |||
r-devel-linux-x86_64-fedora-gcc | 1.1.6 | 45.17 | NOTE | |||
r-devel-windows-x86_64 | 1.1.6 | 8.00 | 52.00 | 60.00 | NOTE | |
r-patched-linux-x86_64 | 1.1.6 | 4.33 | 24.95 | 29.28 | NOTE | |
r-release-linux-x86_64 | 1.1.6 | 3.08 | 24.43 | 27.51 | NOTE | |
r-release-macos-arm64 | 1.1.6 | 18.00 | NOTE | |||
r-release-macos-x86_64 | 1.1.6 | 39.00 | NOTE | |||
r-release-windows-x86_64 | 1.1.6 | 6.00 | 50.00 | 56.00 | NOTE | |
r-oldrel-macos-arm64 | 1.1.6 | 20.00 | NOTE | |||
r-oldrel-macos-x86_64 | 1.1.6 | 26.00 | NOTE | |||
r-oldrel-windows-x86_64 | 1.1.6 | 9.00 | 53.00 | 62.00 | NOTE |
Version: 1.1.6
Check: package subdirectories
Result: NOTE
Problems with news in ‘NEWS.md’:
No news entries found.
Flavors: r-devel-linux-x86_64-debian-clang, r-devel-linux-x86_64-debian-gcc, r-devel-linux-x86_64-fedora-clang, r-devel-linux-x86_64-fedora-gcc, r-devel-windows-x86_64, r-patched-linux-x86_64, r-release-linux-x86_64, r-release-macos-arm64, r-release-macos-x86_64, r-release-windows-x86_64, r-oldrel-macos-arm64, r-oldrel-macos-x86_64, r-oldrel-windows-x86_64