Last updated on 2023-06-11 01:53:47 CEST.
Flavor | Version | Tinstall | Tcheck | Ttotal | Status | Flags |
---|---|---|---|---|---|---|
r-devel-linux-x86_64-debian-clang | 0.0-6 | 180.97 | 108.41 | 289.38 | OK | |
r-devel-linux-x86_64-debian-gcc | 0.0-6 | 158.05 | 82.76 | 240.81 | OK | |
r-devel-linux-x86_64-fedora-clang | 0.0-6 | 390.29 | OK | |||
r-devel-linux-x86_64-fedora-gcc | 0.0-6 | 396.22 | OK | |||
r-devel-windows-x86_64 | 0.0-6 | 157.00 | 125.00 | 282.00 | OK | |
r-patched-linux-x86_64 | 0.0-6 | 179.46 | 104.94 | 284.40 | OK | |
r-release-linux-x86_64 | 0.0-6 | 165.29 | 104.33 | 269.62 | OK | |
r-release-macos-arm64 | 0.0-6 | 123.00 | NOTE | |||
r-release-macos-x86_64 | 0.0-6 | 207.00 | NOTE | |||
r-release-windows-x86_64 | 0.0-6 | 195.00 | 155.00 | 350.00 | OK | |
r-oldrel-macos-arm64 | 0.0-6 | 110.00 | NOTE | |||
r-oldrel-macos-x86_64 | 0.0-6 | 152.00 | NOTE | |||
r-oldrel-windows-x86_64 | 0.0-6 | 180.00 | 147.00 | 327.00 | OK |
Version: 0.0-6
Check: installed package size
Result: NOTE
installed size is 53.0Mb
sub-directories of 1Mb or more:
libs 52.7Mb
Flavors: r-release-macos-arm64, r-release-macos-x86_64, r-oldrel-macos-arm64, r-oldrel-macos-x86_64