Last updated on 2025-04-30 02:50:53 CEST.
Flavor | Version | Tinstall | Tcheck | Ttotal | Status | Flags |
---|---|---|---|---|---|---|
r-devel-linux-x86_64-debian-clang | 1.3 | 35.90 | 57.60 | 93.50 | NOTE | |
r-devel-linux-x86_64-debian-gcc | 1.3 | 25.88 | 42.29 | 68.17 | NOTE | |
r-devel-linux-x86_64-fedora-clang | 1.3 | 180.59 | NOTE | |||
r-devel-linux-x86_64-fedora-gcc | 1.3 | 183.74 | NOTE | |||
r-devel-windows-x86_64 | 1.3 | 43.00 | 95.00 | 138.00 | OK | |
r-patched-linux-x86_64 | 1.3 | 38.34 | 55.77 | 94.11 | OK | |
r-release-linux-x86_64 | 1.3 | 37.05 | 55.62 | 92.67 | OK | |
r-release-macos-arm64 | 1.3 | 45.00 | OK | |||
r-release-macos-x86_64 | 1.3 | 72.00 | OK | |||
r-release-windows-x86_64 | 1.3 | 47.00 | 93.00 | 140.00 | OK | |
r-oldrel-macos-arm64 | 1.3 | 45.00 | OK | |||
r-oldrel-macos-x86_64 | 1.3 | 56.00 | OK | |||
r-oldrel-windows-x86_64 | 1.3 | 49.00 | 114.00 | 163.00 | OK |
Version: 1.3
Check: CRAN incoming feasibility
Result: NOTE
Maintainer: ‘Felix Cheysson <felix@cheysson.fr>’
No Authors@R field in DESCRIPTION.
Please add one, modifying
Authors@R: person(given = "Felix",
family = "Cheysson",
role = c("aut", "cre"),
email = "felix@cheysson.fr")
as necessary.
Flavors: r-devel-linux-x86_64-debian-clang, r-devel-linux-x86_64-debian-gcc
Version: 1.3
Check: compiled code
Result: NOTE
File ‘starma/libs/starma.so’:
Found no calls to: ‘R_registerRoutines’, ‘R_useDynamicSymbols’
It is good practice to register native routines and to disable symbol
search.
See ‘Writing portable packages’ in the ‘Writing R Extensions’ manual.
Flavors: r-devel-linux-x86_64-fedora-clang, r-devel-linux-x86_64-fedora-gcc