Last updated on 2024-05-02 01:57:17 CEST.
Flavor | Version | Tinstall | Tcheck | Ttotal | Status | Flags |
---|---|---|---|---|---|---|
r-devel-linux-x86_64-debian-clang | 0.0.6 | 6.88 | 104.16 | 111.04 | NOTE | |
r-devel-linux-x86_64-debian-gcc | 0.0.6 | 4.77 | 77.58 | 82.35 | NOTE | |
r-devel-linux-x86_64-fedora-clang | 0.0.6 | 135.87 | NOTE | |||
r-devel-linux-x86_64-fedora-gcc | 0.0.6 | 150.70 | NOTE | |||
r-devel-windows-x86_64 | 0.0.6 | 7.00 | 93.00 | 100.00 | NOTE | |
r-patched-linux-x86_64 | 0.0.6 | 5.83 | 100.20 | 106.03 | NOTE | |
r-release-linux-x86_64 | 0.0.6 | 6.74 | 103.86 | 110.60 | NOTE | |
r-release-macos-arm64 | 0.0.6 | 48.00 | NOTE | |||
r-release-windows-x86_64 | 0.0.6 | 6.00 | 94.00 | 100.00 | NOTE | |
r-oldrel-macos-arm64 | 0.0.6 | 57.00 | NOTE | |||
r-oldrel-macos-x86_64 | 0.0.6 | 80.00 | NOTE | |||
r-oldrel-windows-x86_64 | 0.0.6 | 8.00 | 110.00 | 118.00 | NOTE |
Version: 0.0.6
Check: LazyData
Result: NOTE
'LazyData' is specified without a 'data' directory
Flavors: r-devel-linux-x86_64-debian-clang, r-devel-linux-x86_64-debian-gcc, r-devel-linux-x86_64-fedora-clang, r-devel-linux-x86_64-fedora-gcc, r-devel-windows-x86_64, r-patched-linux-x86_64, r-release-linux-x86_64, r-release-macos-arm64, r-release-windows-x86_64, r-oldrel-macos-arm64, r-oldrel-macos-x86_64, r-oldrel-windows-x86_64
Version: 0.0.6
Check: package dependencies
Result: NOTE
Package which this enhances but not available for checking: ‘CVXR’
Flavor: r-oldrel-macos-x86_64