Last updated on 2024-03-29 01:51:20 CET.
Flavor | Version | Tinstall | Tcheck | Ttotal | Status | Flags |
---|---|---|---|---|---|---|
r-devel-linux-x86_64-debian-clang | 0.6-4 | 19.32 | 360.32 | 379.64 | NOTE | |
r-devel-linux-x86_64-debian-gcc | 0.6-4 | 14.18 | 271.64 | 285.82 | NOTE | |
r-devel-linux-x86_64-fedora-clang | 0.6-4 | 426.81 | NOTE | |||
r-devel-linux-x86_64-fedora-gcc | 0.6-4 | 466.19 | NOTE | |||
r-devel-windows-x86_64 | 0.6-4 | 16.00 | 292.00 | 308.00 | NOTE | |
r-patched-linux-x86_64 | 0.6-4 | 22.92 | 357.39 | 380.31 | NOTE | |
r-release-linux-x86_64 | 0.6-4 | 22.09 | 386.32 | 408.41 | NOTE | |
r-release-macos-arm64 | 0.6-4 | 185.00 | NOTE | |||
r-release-macos-x86_64 | 0.6-4 | 314.00 | NOTE | |||
r-release-windows-x86_64 | 0.6-4 | 22.00 | 372.00 | 394.00 | NOTE | |
r-oldrel-macos-arm64 | 0.6-4 | 172.00 | NOTE | |||
r-oldrel-windows-x86_64 | 0.6-4 | 25.00 | 388.00 | 413.00 | NOTE |
Version: 0.6-4
Check: package dependencies
Result: NOTE
Package suggested but not available for checking: ‘starsdata’
Flavors: r-devel-linux-x86_64-debian-clang, r-devel-linux-x86_64-debian-gcc, r-devel-linux-x86_64-fedora-clang, r-devel-linux-x86_64-fedora-gcc, r-devel-windows-x86_64, r-patched-linux-x86_64, r-release-linux-x86_64, r-release-macos-arm64, r-release-macos-x86_64, r-release-windows-x86_64, r-oldrel-macos-arm64, r-oldrel-windows-x86_64
Version: 0.6-4
Check: installed package size
Result: NOTE
installed size is 6.4Mb
sub-directories of 1Mb or more:
doc 2.4Mb
nc 1.8Mb
Flavors: r-devel-linux-x86_64-fedora-clang, r-devel-windows-x86_64, r-release-macos-arm64, r-release-macos-x86_64, r-release-windows-x86_64, r-oldrel-macos-arm64, r-oldrel-windows-x86_64