CRAN Package Check Results for Package starwarsdb

Last updated on 2022-05-27 02:50:28 CEST.

Flavor Version Tinstall Tcheck Ttotal Status Flags
r-devel-linux-x86_64-debian-clang 0.1.2 2.41 44.35 46.76 OK
r-devel-linux-x86_64-debian-gcc 0.1.2 1.89 37.60 39.49 OK
r-devel-linux-x86_64-fedora-clang 0.1.2 55.25 NOTE
r-devel-linux-x86_64-fedora-gcc 0.1.2 54.11 NOTE
r-devel-windows-x86_64 0.1.2 26.00 67.00 93.00 OK
r-patched-linux-x86_64 0.1.2 2.41 41.86 44.27 OK
r-release-linux-x86_64 0.1.2 2.28 42.82 45.10 OK
r-release-macos-arm64 0.1.2 25.00 NOTE
r-release-macos-x86_64 0.1.2 33.00 NOTE
r-release-windows-x86_64 0.1.2 19.00 65.00 84.00 OK
r-oldrel-macos-arm64 0.1.2 27.00 NOTE
r-oldrel-macos-x86_64 0.1.2 37.00 NOTE
r-oldrel-windows-ix86+x86_64 0.1.2 5.00 56.00 61.00 OK

Check Details

Version: 0.1.2
Check: data for non-ASCII characters
Result: NOTE
     Note: found 14 marked UTF-8 strings
Flavors: r-devel-linux-x86_64-fedora-clang, r-devel-linux-x86_64-fedora-gcc, r-release-macos-arm64, r-release-macos-x86_64, r-oldrel-macos-arm64, r-oldrel-macos-x86_64