Last updated on 2024-04-23 01:57:17 CEST.
Flavor | Version | Tinstall | Tcheck | Ttotal | Status | Flags |
---|---|---|---|---|---|---|
r-devel-linux-x86_64-debian-clang | 1.0.7 | 8.45 | 273.78 | 282.23 | NOTE | |
r-devel-linux-x86_64-debian-gcc | 1.0.7 | 10.50 | 194.73 | 205.23 | NOTE | |
r-devel-linux-x86_64-fedora-clang | 1.0.7 | 349.13 | NOTE | |||
r-devel-linux-x86_64-fedora-gcc | 1.0.7 | 345.49 | NOTE | |||
r-prerel-macos-arm64 | 1.0.7 | 84.00 | NOTE | |||
r-prerel-macos-x86_64 | 1.0.7 | 272.00 | NOTE | |||
r-prerel-windows-x86_64 | 1.0.7 | 11.00 | 198.00 | 209.00 | NOTE | |
r-patched-linux-x86_64 | 1.0.7 | 21.11 | 256.68 | 277.79 | NOTE | |
r-release-linux-x86_64 | 1.0.7 | 10.51 | 255.57 | 266.08 | NOTE | |
r-release-macos-arm64 | 1.0.7 | 112.00 | NOTE | |||
r-release-macos-x86_64 | 1.0.7 | 273.00 | NOTE | |||
r-release-windows-x86_64 | 1.0.7 | 14.00 | 251.00 | 265.00 | NOTE | |
r-oldrel-macos-arm64 | 1.0.7 | 93.00 | NOTE | |||
r-oldrel-windows-x86_64 | 1.0.7 | 14.00 | 244.00 | 258.00 | NOTE |
Version: 1.0.7
Check: package dependencies
Result: NOTE
Package suggested but not available for checking: ‘asreml’
Flavors: r-devel-linux-x86_64-debian-clang, r-devel-linux-x86_64-debian-gcc, r-devel-linux-x86_64-fedora-clang, r-devel-linux-x86_64-fedora-gcc, r-prerel-macos-arm64, r-prerel-macos-x86_64, r-prerel-windows-x86_64, r-patched-linux-x86_64, r-release-linux-x86_64, r-release-macos-arm64, r-release-macos-x86_64, r-release-windows-x86_64, r-oldrel-macos-arm64, r-oldrel-windows-x86_64