Last updated on 2024-04-18 01:55:36 CEST.
Flavor | Version | Tinstall | Tcheck | Ttotal | Status | Flags |
---|---|---|---|---|---|---|
r-devel-linux-x86_64-debian-clang | 1.0.6.1 | 15.66 | 580.82 | 596.48 | NOTE | |
r-devel-linux-x86_64-debian-gcc | 1.0.6.1 | 11.85 | 447.35 | 459.20 | NOTE | |
r-devel-linux-x86_64-fedora-clang | 1.0.6.1 | 747.07 | NOTE | |||
r-devel-linux-x86_64-fedora-gcc | 1.0.6.1 | 765.38 | NOTE | |||
r-prerel-macos-arm64 | 1.0.6.1 | 214.00 | NOTE | |||
r-prerel-windows-x86_64 | 1.0.6.1 | 15.00 | 407.00 | 422.00 | NOTE | |
r-patched-linux-x86_64 | 1.0.6.1 | 15.16 | 576.18 | 591.34 | NOTE | |
r-release-linux-x86_64 | 1.0.6.1 | 14.75 | 587.00 | 601.75 | NOTE | |
r-release-macos-arm64 | 1.0.6.1 | 109.00 | NOTE | |||
r-release-macos-x86_64 | 1.0.6.1 | 275.00 | NOTE | |||
r-release-windows-x86_64 | 1.0.6.1 | 22.00 | 567.00 | 589.00 | NOTE | |
r-oldrel-macos-arm64 | 1.0.6.1 | 120.00 | NOTE | |||
r-oldrel-windows-x86_64 | 1.0.6.1 | 22.00 | 577.00 | 599.00 | NOTE |
Version: 1.0.6.1
Check: package dependencies
Result: NOTE
Package suggested but not available for checking: ‘asreml’
Flavors: r-devel-linux-x86_64-debian-clang, r-devel-linux-x86_64-debian-gcc, r-devel-linux-x86_64-fedora-clang, r-devel-linux-x86_64-fedora-gcc, r-prerel-macos-arm64, r-prerel-windows-x86_64, r-patched-linux-x86_64, r-release-linux-x86_64, r-release-macos-arm64, r-release-macos-x86_64, r-release-windows-x86_64, r-oldrel-macos-arm64, r-oldrel-windows-x86_64
Version: 1.0.6.1
Check: installed package size
Result: NOTE
installed size is 5.0Mb
sub-directories of 1Mb or more:
data 3.5Mb
Flavors: r-devel-linux-x86_64-fedora-clang, r-prerel-macos-arm64, r-release-macos-arm64, r-release-macos-x86_64, r-oldrel-macos-arm64