Last updated on 2024-04-19 01:59:03 CEST.
Flavor | Version | Tinstall | Tcheck | Ttotal | Status | Flags |
---|---|---|---|---|---|---|
r-devel-linux-x86_64-debian-clang | 0.7.3 | 3.91 | 82.56 | 86.47 | OK | |
r-devel-linux-x86_64-debian-gcc | 0.7.3 | 4.45 | 65.02 | 69.47 | OK | |
r-devel-linux-x86_64-fedora-clang | 0.7.3 | 112.77 | NOTE | |||
r-devel-linux-x86_64-fedora-gcc | 0.7.3 | 121.56 | NOTE | |||
r-prerel-macos-arm64 | 0.7.3 | 53.00 | OK | |||
r-prerel-macos-x86_64 | 0.7.3 | 122.00 | OK | |||
r-prerel-windows-x86_64 | 0.7.3 | 8.00 | 89.00 | 97.00 | OK | |
r-patched-linux-x86_64 | 0.7.3 | 6.04 | 79.94 | 85.98 | OK | |
r-release-linux-x86_64 | 0.7.3 | 3.17 | 78.82 | 81.99 | OK | |
r-release-macos-arm64 | 0.7.3 | 59.00 | OK | |||
r-release-macos-x86_64 | 0.7.3 | 112.00 | OK | |||
r-release-windows-x86_64 | 0.7.3 | 8.00 | 101.00 | 109.00 | OK | |
r-oldrel-macos-arm64 | 0.7.3 | 57.00 | OK | |||
r-oldrel-windows-x86_64 | 0.7.3 | 7.00 | 105.00 | 112.00 | OK |
Version: 0.7.3
Check: data for non-ASCII characters
Result: NOTE
Note: found 56 marked UTF-8 strings
Flavors: r-devel-linux-x86_64-fedora-clang, r-devel-linux-x86_64-fedora-gcc