Last updated on 2025-10-31 01:49:15 CET.
| Flavor | Version | Tinstall | Tcheck | Ttotal | Status | Flags | 
|---|---|---|---|---|---|---|
| r-devel-linux-x86_64-debian-clang | 0.3.2 | 4.17 | 64.65 | 68.82 | NOTE | |
| r-devel-linux-x86_64-debian-gcc | 0.3.2 | 3.28 | 46.07 | 49.35 | NOTE | |
| r-devel-linux-x86_64-fedora-clang | 0.3.2 | 105.96 | OK | |||
| r-devel-linux-x86_64-fedora-gcc | 0.3.2 | 117.06 | OK | |||
| r-devel-windows-x86_64 | 0.3.2 | 5.00 | 88.00 | 93.00 | OK | |
| r-patched-linux-x86_64 | 0.3.2 | 4.50 | 60.52 | 65.02 | OK | |
| r-release-linux-x86_64 | 0.3.2 | 4.39 | 60.37 | 64.76 | OK | |
| r-release-macos-arm64 | 0.3.2 | 2.00 | 47.00 | 49.00 | OK | |
| r-release-macos-x86_64 | 0.3.2 | 4.00 | 65.00 | 69.00 | OK | |
| r-release-windows-x86_64 | 0.3.2 | 6.00 | 91.00 | 97.00 | OK | |
| r-oldrel-macos-arm64 | 0.3.2 | 2.00 | 37.00 | 39.00 | OK | |
| r-oldrel-macos-x86_64 | 0.3.2 | 3.00 | 53.00 | 56.00 | OK | |
| r-oldrel-windows-x86_64 | 0.3.2 | 7.00 | 108.00 | 115.00 | OK | 
Version: 0.3.2
Check: CRAN incoming feasibility
Result: NOTE
  Maintainer: ‘Jean-Baptiste Camps <jbcamps@hotmail.com>’
  
  No Authors@R field in DESCRIPTION.
  Please add one, modifying
    Authors@R: c(person(given = c("Jean-Baptiste", "Camps", ";", "Florian"),
                        family = "Cafiero",
                        role = "aut"),
                 person(given = "Jean-Baptiste",
                        family = "Camps",
                        role = "cre",
                        email = "jbcamps@hotmail.com"))
  as necessary.
  
  Found the following (possibly) invalid file URIs:
    URI: stemmatology-utils
      From: README.md
    URI: 10.1484/M.LECTIO-EB.5.102565
      From: README.md
  
  Found the following URLs which should use \doi (with the DOI name only):
    File ‘PCC.Exploratory.Rd’:
      http://dx.doi.org/10.1484/M.LECTIO-EB.5.102565
    File ‘PCC.Rd’:
      http://dx.doi.org/10.1484/M.LECTIO-EB.5.102565
    File ‘PCC.Stemma.Rd’:
      http://dx.doi.org/10.1484/M.LECTIO-EB.5.102565
    File ‘PCC.buildGroup.Rd’:
      http://dx.doi.org/10.1484/M.LECTIO-EB.5.102565
    File ‘PCC.conflicts.Rd’:
      http://dx.doi.org/10.1484/M.LECTIO-EB.5.102565
    File ‘PCC.disagreement.Rd’:
      http://dx.doi.org/10.1484/M.LECTIO-EB.5.102565
    File ‘PCC.elimination.Rd’:
      http://dx.doi.org/10.1484/M.LECTIO-EB.5.102565
    File ‘PCC.equipollent.Rd’:
      http://dx.doi.org/10.1484/M.LECTIO-EB.5.102565
    File ‘PCC.overconflicting.Rd’:
      http://dx.doi.org/10.1484/M.LECTIO-EB.5.102565
    File ‘PCC.reconstructModel.Rd’:
      http://dx.doi.org/10.1484/M.LECTIO-EB.5.102565
    File ‘fournival.Rd’:
      http://dx.doi.org/10.1484/M.LECTIO-EB.5.102565
    File ‘heinrichi.Rd’:
      http://dx.doi.org/10.1484/M.LECTIO-EB.5.102565
    File ‘notreBesoin.Rd’:
      http://dx.doi.org/10.1484/M.LECTIO-EB.5.102565
    File ‘parzival.Rd’:
      https://doi.org/10.1016/j.jtbi.2003.11.022
      http://dx.doi.org/10.1484/M.LECTIO-EB.5.102565
    File ‘stemmatology-package.Rd’:
      http://dx.doi.org/10.1484/M.LECTIO-EB.5.102565
Flavors: r-devel-linux-x86_64-debian-clang, r-devel-linux-x86_64-debian-gcc