CRAN Package Check Results for Package stepPenal

Last updated on 2022-08-09 01:55:01 CEST.

Flavor Version Tinstall Tcheck Ttotal Status Flags
r-devel-linux-x86_64-debian-clang 0.2 2.96 31.38 34.34 NOTE
r-devel-linux-x86_64-debian-gcc 0.2 1.90 24.23 26.13 NOTE
r-devel-linux-x86_64-fedora-clang 0.2 52.05 NOTE
r-devel-linux-x86_64-fedora-gcc 0.2 50.13 NOTE
r-devel-windows-x86_64 0.2 14.00 57.00 71.00 NOTE
r-patched-linux-x86_64 0.2 3.44 29.86 33.30 NOTE
r-release-linux-x86_64 0.2 NOTE
r-release-macos-arm64 0.2 17.00 NOTE
r-release-macos-x86_64 0.2 27.00 NOTE
r-release-windows-x86_64 0.2 11.00 58.00 69.00 NOTE
r-oldrel-macos-arm64 0.2 18.00 NOTE
r-oldrel-macos-x86_64 0.2 31.00 NOTE
r-oldrel-windows-ix86+x86_64 0.2 8.00 51.00 59.00 NOTE

Check Details

Version: 0.2
Check: LazyData
Result: NOTE
     'LazyData' is specified without a 'data' directory
Flavors: r-devel-linux-x86_64-debian-clang, r-devel-linux-x86_64-debian-gcc, r-devel-linux-x86_64-fedora-clang, r-devel-linux-x86_64-fedora-gcc, r-devel-windows-x86_64, r-patched-linux-x86_64, r-release-linux-x86_64, r-release-macos-arm64, r-release-macos-x86_64, r-release-windows-x86_64, r-oldrel-macos-arm64, r-oldrel-macos-x86_64, r-oldrel-windows-ix86+x86_64