Last updated on 2024-05-02 01:57:17 CEST.
Flavor | Version | Tinstall | Tcheck | Ttotal | Status | Flags |
---|---|---|---|---|---|---|
r-devel-linux-x86_64-debian-clang | 1.0.3 | 92.39 | 40.54 | 132.93 | NOTE | |
r-devel-linux-x86_64-debian-gcc | 1.0.3 | 71.53 | 28.63 | 100.16 | NOTE | |
r-devel-linux-x86_64-fedora-clang | 1.0.3 | 192.34 | NOTE | |||
r-devel-linux-x86_64-fedora-gcc | 1.0.3 | 192.26 | NOTE | |||
r-devel-windows-x86_64 | 1.0.3 | 76.00 | 65.00 | 141.00 | NOTE | |
r-patched-linux-x86_64 | 1.0.3 | 86.94 | 39.45 | 126.39 | NOTE | |
r-release-linux-x86_64 | 1.0.3 | 93.51 | 39.23 | 132.74 | NOTE | |
r-release-macos-arm64 | 1.0.3 | 46.00 | NOTE | |||
r-release-windows-x86_64 | 1.0.3 | 78.00 | 65.00 | 143.00 | NOTE | |
r-oldrel-macos-arm64 | 1.0.3 | 52.00 | NOTE | |||
r-oldrel-macos-x86_64 | 1.0.3 | 89.00 | NOTE | |||
r-oldrel-windows-x86_64 | 1.0.3 | 94.00 | 76.00 | 170.00 | NOTE |
Version: 1.0.3
Check: C++ specification
Result: NOTE
Specified C++11: please drop specification unless essential
Flavors: r-devel-linux-x86_64-debian-clang, r-devel-linux-x86_64-debian-gcc, r-devel-linux-x86_64-fedora-clang, r-devel-linux-x86_64-fedora-gcc, r-devel-windows-x86_64, r-patched-linux-x86_64, r-release-linux-x86_64, r-release-macos-arm64, r-release-windows-x86_64, r-oldrel-macos-arm64, r-oldrel-macos-x86_64, r-oldrel-windows-x86_64