Last updated on 2024-04-19 01:59:03 CEST.
Flavor | Version | Tinstall | Tcheck | Ttotal | Status | Flags |
---|---|---|---|---|---|---|
r-devel-linux-x86_64-debian-clang | 1.3.7 | 44.56 | 305.89 | 350.45 | OK | |
r-devel-linux-x86_64-debian-gcc | 1.3.7 | 39.35 | 220.34 | 259.69 | OK | |
r-devel-linux-x86_64-fedora-clang | 1.3.7 | 449.50 | OK | |||
r-devel-linux-x86_64-fedora-gcc | 1.3.7 | 473.79 | OK | |||
r-prerel-macos-arm64 | 1.3.7 | 124.00 | NOTE | |||
r-prerel-windows-x86_64 | 1.3.7 | 42.00 | 286.00 | 328.00 | OK | |
r-patched-linux-x86_64 | 1.3.7 | 60.45 | 289.05 | 349.50 | OK | |
r-release-linux-x86_64 | 1.3.7 | 53.44 | 294.72 | 348.16 | OK | |
r-release-macos-arm64 | 1.3.7 | 141.00 | NOTE | |||
r-release-macos-x86_64 | 1.3.7 | 346.00 | NOTE | |||
r-release-windows-x86_64 | 1.3.7 | 55.00 | 347.00 | 402.00 | OK | |
r-oldrel-macos-arm64 | 1.3.7 | 140.00 | NOTE | |||
r-oldrel-windows-x86_64 | 1.3.7 | 55.00 | 337.00 | 392.00 | OK |
Version: 1.3.7
Check: installed package size
Result: NOTE
installed size is 5.3Mb
sub-directories of 1Mb or more:
data 1.7Mb
libs 2.4Mb
Flavors: r-prerel-macos-arm64, r-release-macos-arm64, r-release-macos-x86_64, r-oldrel-macos-arm64