Last updated on 2022-06-30 01:49:21 CEST.
Flavor | Version | Tinstall | Tcheck | Ttotal | Status | Flags |
---|---|---|---|---|---|---|
r-devel-linux-x86_64-debian-clang | 1.3 | 2.04 | 41.64 | 43.68 | NOTE | |
r-devel-linux-x86_64-debian-gcc | 1.3 | 1.96 | 31.25 | 33.21 | NOTE | |
r-devel-linux-x86_64-fedora-clang | 1.3 | 62.48 | NOTE | |||
r-devel-linux-x86_64-fedora-gcc | 1.3 | 62.06 | NOTE | |||
r-devel-windows-x86_64 | 1.3 | 19.00 | 74.00 | 93.00 | OK | |
r-patched-linux-x86_64 | 1.3 | 2.72 | 39.25 | 41.97 | NOTE | |
r-release-linux-x86_64 | 1.3 | 2.21 | 39.69 | 41.90 | NOTE | |
r-release-macos-arm64 | 1.3 | 21.00 | NOTE | |||
r-release-macos-x86_64 | 1.3 | 29.00 | NOTE | |||
r-release-windows-x86_64 | 1.3 | 12.00 | 73.00 | 85.00 | OK | |
r-oldrel-macos-arm64 | 1.3 | 25.00 | NOTE | |||
r-oldrel-macos-x86_64 | 1.3 | 33.00 | NOTE | |||
r-oldrel-windows-ix86+x86_64 | 1.3 | 6.00 | 60.00 | 66.00 | OK |
Version: 1.3
Check: for non-standard things in the check directory
Result: NOTE
Found the following files/directories:
'corrviz.html'
Flavors: r-devel-linux-x86_64-debian-clang, r-devel-linux-x86_64-debian-gcc, r-devel-linux-x86_64-fedora-clang, r-devel-linux-x86_64-fedora-gcc, r-patched-linux-x86_64, r-release-linux-x86_64
Version: 1.3
Check: dependencies in R code
Result: NOTE
Namespaces in Imports field not imported from:
‘SnowballC’ ‘tm’
All declared Imports should be used.
Flavors: r-devel-linux-x86_64-fedora-clang, r-devel-linux-x86_64-fedora-gcc, r-release-macos-arm64, r-release-macos-x86_64, r-oldrel-macos-arm64, r-oldrel-macos-x86_64