Last updated on 2025-11-12 02:53:13 CET.
| Flavor | Version | Tinstall | Tcheck | Ttotal | Status | Flags |
|---|---|---|---|---|---|---|
| r-devel-linux-x86_64-debian-clang | 0.2.2 | 0.32 | 3.36 | 3.68 | ERROR | |
| r-devel-linux-x86_64-debian-gcc | 0.2.2 | 0.31 | 2.92 | 3.23 | ERROR | |
| r-devel-linux-x86_64-fedora-clang | 0.2.2 | 2.90 | ERROR | |||
| r-devel-linux-x86_64-fedora-gcc | 0.2.2 | 2.63 | ERROR | |||
| r-devel-windows-x86_64 | 0.2.2 | 13.00 | 77.00 | 90.00 | OK | |
| r-patched-linux-x86_64 | 0.2.2 | 0.34 | 1.88 | 2.22 | ERROR | |
| r-release-linux-x86_64 | 0.2.2 | 0.21 | 1.93 | 2.14 | ERROR | |
| r-release-macos-arm64 | 0.2.2 | 5.00 | 38.00 | 43.00 | OK | |
| r-release-macos-x86_64 | 0.2.2 | 18.00 | 101.00 | 119.00 | OK | |
| r-release-windows-x86_64 | 0.2.2 | 4.00 | 5.00 | 9.00 | ERROR | |
| r-oldrel-macos-arm64 | 0.2.2 | 6.00 | 36.00 | 42.00 | OK | |
| r-oldrel-macos-x86_64 | 0.2.2 | 8.00 | 54.00 | 62.00 | OK | |
| r-oldrel-windows-x86_64 | 0.2.2 | 6.00 | 9.00 | 15.00 | ERROR |
Version: 0.2.2
Check: package dependencies
Result: ERROR
Package required but not available: ‘tidyjson’
See section ‘The DESCRIPTION file’ in the ‘Writing R Extensions’
manual.
Flavors: r-devel-linux-x86_64-debian-clang, r-devel-linux-x86_64-debian-gcc, r-devel-linux-x86_64-fedora-clang, r-devel-linux-x86_64-fedora-gcc, r-patched-linux-x86_64, r-release-linux-x86_64
Version: 0.2.2
Check: whether package can be installed
Result: ERROR
Installation failed.
Flavors: r-release-windows-x86_64, r-oldrel-windows-x86_64