Last updated on 2022-06-30 01:49:21 CEST.
Flavor | Version | Tinstall | Tcheck | Ttotal | Status | Flags |
---|---|---|---|---|---|---|
r-devel-linux-x86_64-debian-clang | 1.2.5 | 9.41 | 56.94 | 66.35 | NOTE | |
r-devel-linux-x86_64-debian-gcc | 1.2.5 | 7.19 | 45.11 | 52.30 | NOTE | |
r-devel-linux-x86_64-fedora-clang | 1.2.5 | 88.90 | NOTE | |||
r-devel-linux-x86_64-fedora-gcc | 1.2.5 | 87.04 | NOTE | |||
r-devel-windows-x86_64 | 1.2.5 | 69.00 | 113.00 | 182.00 | NOTE | |
r-patched-linux-x86_64 | 1.2.5 | 10.30 | 56.48 | 66.78 | NOTE | |
r-release-linux-x86_64 | 1.2.5 | 7.58 | 55.31 | 62.89 | NOTE | |
r-release-macos-arm64 | 1.2.5 | 27.00 | NOTE | |||
r-release-macos-x86_64 | 1.2.5 | 42.00 | NOTE | |||
r-release-windows-x86_64 | 1.2.5 | 51.00 | 100.00 | 151.00 | NOTE | |
r-oldrel-macos-arm64 | 1.2.5 | 36.00 | NOTE | |||
r-oldrel-macos-x86_64 | 1.2.5 | 61.00 | NOTE | |||
r-oldrel-windows-ix86+x86_64 | 1.2.5 | 18.00 | 125.00 | 143.00 | NOTE |
Version: 1.2.5
Check: LazyData
Result: NOTE
'LazyData' is specified without a 'data' directory
Flavors: r-devel-linux-x86_64-debian-clang, r-devel-linux-x86_64-debian-gcc, r-devel-linux-x86_64-fedora-clang, r-devel-linux-x86_64-fedora-gcc, r-devel-windows-x86_64, r-patched-linux-x86_64, r-release-linux-x86_64, r-release-macos-arm64, r-release-macos-x86_64, r-release-windows-x86_64, r-oldrel-macos-arm64, r-oldrel-macos-x86_64, r-oldrel-windows-ix86+x86_64