Last updated on 2025-11-12 01:49:13 CET.
| Flavor | Version | Tinstall | Tcheck | Ttotal | Status | Flags |
|---|---|---|---|---|---|---|
| r-devel-linux-x86_64-debian-clang | 2.0-8 | 24.36 | 157.42 | 181.78 | NOTE | |
| r-devel-linux-x86_64-debian-gcc | 2.0-8 | 18.75 | 128.23 | 146.98 | NOTE | |
| r-devel-linux-x86_64-fedora-clang | 2.0-8 | 56.00 | 230.11 | 286.11 | OK | |
| r-devel-linux-x86_64-fedora-gcc | 2.0-8 | 55.00 | 238.35 | 293.35 | OK | |
| r-devel-windows-x86_64 | 2.0-8 | 35.00 | 142.00 | 177.00 | OK | |
| r-patched-linux-x86_64 | 2.0-8 | 25.49 | 162.91 | 188.40 | OK | |
| r-release-linux-x86_64 | 2.0-8 | 25.56 | 163.62 | 189.18 | OK | |
| r-release-macos-arm64 | 2.0-8 | 24.00 | 114.00 | 138.00 | OK | |
| r-release-macos-x86_64 | 2.0-8 | 23.00 | 133.00 | 156.00 | OK | |
| r-release-windows-x86_64 | 2.0-8 | 34.00 | 141.00 | 175.00 | OK | |
| r-oldrel-macos-arm64 | 2.0-8 | 51.00 | 240.00 | 291.00 | OK | |
| r-oldrel-macos-x86_64 | 2.0-8 | 35.00 | 195.00 | 230.00 | OK | |
| r-oldrel-windows-x86_64 | 2.0-8 | 43.00 | 178.00 | 221.00 | OK |
Version: 2.0-8
Check: CRAN incoming feasibility
Result: NOTE
Maintainer: ‘Edith Gabriel <edith.gabriel@inrae.fr>’
The BugReports field in DESCRIPTION has
https://github.com/stpp-GitHub-community
which should likely be
https://github.com/stpp-GitHub-community/issues
instead.
Flavors: r-devel-linux-x86_64-debian-clang, r-devel-linux-x86_64-debian-gcc