Last updated on 2024-08-16 01:48:31 CEST.
Flavor | Version | Tinstall | Tcheck | Ttotal | Status | Flags |
---|---|---|---|---|---|---|
r-devel-linux-x86_64-debian-clang | 1.3.4 | 40.88 | 342.40 | 383.28 | OK | |
r-devel-linux-x86_64-debian-gcc | 1.3.4 | 30.44 | 230.49 | 260.93 | OK | |
r-devel-linux-x86_64-fedora-clang | 1.3.4 | 627.06 | NOTE | |||
r-devel-linux-x86_64-fedora-gcc | 1.3.4 | 598.00 | OK | |||
r-devel-windows-x86_64 | 1.3.4 | 40.00 | 276.00 | 316.00 | OK | |
r-patched-linux-x86_64 | 1.3.4 | 40.12 | 324.30 | 364.42 | OK | |
r-release-linux-x86_64 | 1.3.4 | 38.15 | 319.27 | 357.42 | OK | |
r-release-macos-arm64 | 1.3.4 | 154.00 | OK | |||
r-release-macos-x86_64 | 1.3.4 | 451.00 | OK | |||
r-release-windows-x86_64 | 1.3.4 | 39.00 | 282.00 | 321.00 | OK | |
r-oldrel-macos-arm64 | 1.3.4 | 142.00 | OK | |||
r-oldrel-macos-x86_64 | 1.3.4 | 324.00 | OK | |||
r-oldrel-windows-x86_64 | 1.3.4 | 55.00 | 369.00 | 424.00 | OK |
Version: 1.3.4
Check: package dependencies
Result: NOTE
Imports includes 25 non-default packages.
Importing from so many packages makes the package vulnerable to any of
them becoming unavailable. Move as many as possible to Suggests and
use conditionally.
Flavor: r-devel-linux-x86_64-fedora-clang