CRAN Package Check Results for Package stream

Last updated on 2020-02-23 07:49:38 CET.

Flavor Version Tinstall Tcheck Ttotal Status Flags
r-devel-linux-x86_64-debian-clang 1.3-1 139.76 200.43 340.19 WARN
r-devel-linux-x86_64-debian-gcc 1.3-1 100.22 148.82 249.04 OK
r-devel-linux-x86_64-fedora-clang 1.3-1 451.83 WARN
r-devel-linux-x86_64-fedora-gcc 1.3-1 433.92 OK
r-devel-windows-ix86+x86_64 1.3-1 259.00 307.00 566.00 NOTE
r-devel-windows-ix86+x86_64-gcc8 1.3-1 368.00 291.00 659.00 NOTE
r-patched-linux-x86_64 1.3-1 OK
r-patched-solaris-x86 1.3-1 436.60 OK
r-release-linux-x86_64 1.3-1 111.27 172.31 283.58 OK
r-release-windows-ix86+x86_64 1.3-1 247.00 301.00 548.00 NOTE
r-release-osx-x86_64 1.3-1 WARN
r-oldrel-windows-ix86+x86_64 1.3-1 291.00 283.00 574.00 NOTE
r-oldrel-osx-x86_64 1.3-1 WARN

Check Details

Version: 1.3-1
Check: whether package can be installed
Result: WARN
    Found the following significant warnings:
     BIRCH/CFTree.cpp:18:6: warning: 'this' pointer cannot be null in well-defined C++ code; comparison may be assumed to always evaluate to true [-Wtautological-undefined-compare]
Flavors: r-devel-linux-x86_64-debian-clang, r-devel-linux-x86_64-fedora-clang, r-release-osx-x86_64, r-oldrel-osx-x86_64

Version: 1.3-1
Check: installed package size
Result: NOTE
     installed size is 13.1Mb
     sub-directories of 1Mb or more:
     doc 1.6Mb
     libs 10.6Mb
Flavors: r-devel-linux-x86_64-fedora-clang, r-devel-windows-ix86+x86_64, r-devel-windows-ix86+x86_64-gcc8, r-release-windows-ix86+x86_64, r-release-osx-x86_64, r-oldrel-windows-ix86+x86_64, r-oldrel-osx-x86_64