Last updated on 2025-05-11 01:49:49 CEST.
Flavor | Version | Tinstall | Tcheck | Ttotal | Status | Flags |
---|---|---|---|---|---|---|
r-devel-linux-x86_64-debian-clang | 1.0.0 | 19.39 | 159.99 | 179.38 | NOTE | |
r-devel-linux-x86_64-debian-gcc | 1.0.0 | 12.67 | 111.25 | 123.92 | NOTE | |
r-devel-linux-x86_64-fedora-clang | 1.0.0 | 269.57 | NOTE | |||
r-devel-linux-x86_64-fedora-gcc | 1.0.0 | 276.73 | NOTE | |||
r-devel-windows-x86_64 | 1.0.0 | 20.00 | 156.00 | 176.00 | NOTE | |
r-patched-linux-x86_64 | 1.0.0 | 17.36 | 149.36 | 166.72 | NOTE | |
r-release-linux-x86_64 | 1.0.0 | 15.87 | 151.72 | 167.59 | NOTE | |
r-release-macos-arm64 | 1.0.0 | 74.00 | NOTE | |||
r-release-macos-x86_64 | 1.0.0 | 145.00 | NOTE | |||
r-release-windows-x86_64 | 1.0.0 | 19.00 | 155.00 | 174.00 | NOTE | |
r-oldrel-macos-arm64 | 1.0.0 | 67.00 | NOTE | |||
r-oldrel-macos-x86_64 | 1.0.0 | 112.00 | NOTE | |||
r-oldrel-windows-x86_64 | 1.0.0 | 26.00 | 197.00 | 223.00 | NOTE |
Version: 1.0.0
Check: Rd files
Result: NOTE
checkRd: (-1) cmss.Rd:21: Lost braces
21 | \item{sim.fn}{Optional function to be used as similarity measure for accept/reject step. Default function is: |cor( bar{x}^{(r)}|,~ bar{x}_{target} ) |}
| ^
checkRd: (-1) cmss.Rd:21: Lost braces; missing escapes or markup?
21 | \item{sim.fn}{Optional function to be used as similarity measure for accept/reject step. Default function is: |cor( bar{x}^{(r)}|,~ bar{x}_{target} ) |}
| ^
checkRd: (-1) cmss.Rd:21: Lost braces
21 | \item{sim.fn}{Optional function to be used as similarity measure for accept/reject step. Default function is: |cor( bar{x}^{(r)}|,~ bar{x}_{target} ) |}
| ^
checkRd: (-1) cmss.Rd:21: Lost braces; missing escapes or markup?
21 | \item{sim.fn}{Optional function to be used as similarity measure for accept/reject step. Default function is: |cor( bar{x}^{(r)}|,~ bar{x}_{target} ) |}
| ^
Flavors: r-devel-linux-x86_64-debian-clang, r-devel-linux-x86_64-debian-gcc, r-devel-linux-x86_64-fedora-clang, r-devel-linux-x86_64-fedora-gcc, r-devel-windows-x86_64, r-patched-linux-x86_64, r-release-linux-x86_64, r-release-macos-arm64, r-release-macos-x86_64, r-release-windows-x86_64, r-oldrel-macos-arm64, r-oldrel-macos-x86_64, r-oldrel-windows-x86_64
Version: 1.0.0
Check: dependencies in R code
Result: NOTE
Namespaces in Imports field not imported from:
‘pls’ ‘tibble’
All declared Imports should be used.
Flavors: r-devel-linux-x86_64-fedora-clang, r-devel-linux-x86_64-fedora-gcc
Version: 1.0.0
Check: LazyData
Result: NOTE
'LazyData' is specified without a 'data' directory
Flavors: r-oldrel-macos-arm64, r-oldrel-macos-x86_64, r-oldrel-windows-x86_64