Last updated on 2024-05-05 01:55:35 CEST.
Flavor | Version | Tinstall | Tcheck | Ttotal | Status | Flags |
---|---|---|---|---|---|---|
r-devel-linux-x86_64-debian-clang | 0.1.0 | 15.39 | 275.88 | 291.27 | OK | |
r-devel-linux-x86_64-debian-gcc | 0.1.0 | 10.95 | 213.30 | 224.25 | OK | |
r-devel-linux-x86_64-fedora-clang | 0.1.0 | 353.57 | OK | |||
r-devel-linux-x86_64-fedora-gcc | 0.1.0 | 360.20 | OK | |||
r-devel-windows-x86_64 | 0.1.0 | 13.00 | 231.00 | 244.00 | OK | |
r-patched-linux-x86_64 | 0.1.0 | 14.96 | 269.60 | 284.56 | OK | |
r-release-linux-x86_64 | 0.1.0 | 8.97 | 267.81 | 276.78 | OK | |
r-release-macos-arm64 | 0.1.0 | 107.00 | OK | |||
r-release-windows-x86_64 | 0.1.0 | 13.00 | 234.00 | 247.00 | OK | |
r-oldrel-macos-arm64 | 0.1.0 | 103.00 | NOTE | |||
r-oldrel-macos-x86_64 | 0.1.0 | 174.00 | NOTE | |||
r-oldrel-windows-x86_64 | 0.1.0 | 21.00 | 295.00 | 316.00 | OK |
Version: 0.1.0
Check: installed package size
Result: NOTE
installed size is 5.1Mb
sub-directories of 1Mb or more:
data 3.1Mb
doc 1.3Mb
Flavors: r-oldrel-macos-arm64, r-oldrel-macos-x86_64