Last updated on 2024-04-18 01:55:36 CEST.
Flavor | Version | Tinstall | Tcheck | Ttotal | Status | Flags |
---|---|---|---|---|---|---|
r-devel-linux-x86_64-debian-clang | 2.3.0 | 2.16 | 25.15 | 27.31 | NOTE | |
r-devel-linux-x86_64-debian-gcc | 2.3.0 | 1.45 | 19.58 | 21.03 | NOTE | |
r-devel-linux-x86_64-fedora-clang | 2.3.0 | 34.98 | NOTE | |||
r-devel-linux-x86_64-fedora-gcc | 2.3.0 | 32.60 | NOTE | |||
r-prerel-macos-arm64 | 2.3.0 | 15.00 | NOTE | |||
r-prerel-windows-x86_64 | 2.3.0 | 3.00 | 39.00 | 42.00 | NOTE | |
r-patched-linux-x86_64 | 2.3.0 | 1.30 | 23.60 | 24.90 | NOTE | |
r-release-linux-x86_64 | 2.3.0 | 1.64 | 24.15 | 25.79 | NOTE | |
r-release-macos-arm64 | 2.3.0 | 18.00 | NOTE | |||
r-release-macos-x86_64 | 2.3.0 | 22.00 | NOTE | |||
r-release-windows-x86_64 | 2.3.0 | 4.00 | 42.00 | 46.00 | NOTE | |
r-oldrel-macos-arm64 | 2.3.0 | 17.00 | NOTE | |||
r-oldrel-windows-x86_64 | 2.3.0 | 3.00 | 45.00 | 48.00 | NOTE |
Version: 2.3.0
Check: LazyData
Result: NOTE
'LazyData' is specified without a 'data' directory
Flavors: r-devel-linux-x86_64-debian-clang, r-devel-linux-x86_64-debian-gcc, r-devel-linux-x86_64-fedora-clang, r-devel-linux-x86_64-fedora-gcc, r-prerel-macos-arm64, r-prerel-windows-x86_64, r-patched-linux-x86_64, r-release-linux-x86_64, r-release-macos-arm64, r-release-macos-x86_64, r-release-windows-x86_64, r-oldrel-macos-arm64, r-oldrel-windows-x86_64