Last updated on 2024-08-16 01:48:31 CEST.
Flavor | Version | Tinstall | Tcheck | Ttotal | Status | Flags |
---|---|---|---|---|---|---|
r-devel-linux-x86_64-debian-clang | 0.1.4.2 | 60.92 | 34.29 | 95.21 | NOTE | |
r-devel-linux-x86_64-debian-gcc | 0.1.4.2 | 44.18 | 26.81 | 70.99 | NOTE | |
r-devel-linux-x86_64-fedora-clang | 0.1.4.2 | 176.48 | NOTE | |||
r-devel-linux-x86_64-fedora-gcc | 0.1.4.2 | 216.89 | NOTE | |||
r-devel-windows-x86_64 | 0.1.4.2 | 80.00 | 76.00 | 156.00 | NOTE | |
r-patched-linux-x86_64 | 0.1.4.2 | 60.84 | 32.75 | 93.59 | NOTE | |
r-release-linux-x86_64 | 0.1.4.2 | 60.59 | 32.93 | 93.52 | NOTE | |
r-release-macos-arm64 | 0.1.4.2 | 83.00 | NOTE | |||
r-release-macos-x86_64 | 0.1.4.2 | 127.00 | NOTE | |||
r-release-windows-x86_64 | 0.1.4.2 | 79.00 | 80.00 | 159.00 | NOTE | |
r-oldrel-macos-arm64 | 0.1.4.2 | 66.00 | NOTE | |||
r-oldrel-macos-x86_64 | 0.1.4.2 | 99.00 | NOTE | |||
r-oldrel-windows-x86_64 | 0.1.4.2 | 91.00 | 92.00 | 183.00 | NOTE |
Version: 0.1.4.2
Check: for GNU extensions in Makefiles
Result: NOTE
GNU make is a SystemRequirements.
Flavors: r-devel-linux-x86_64-debian-clang, r-devel-linux-x86_64-debian-gcc, r-devel-linux-x86_64-fedora-clang, r-devel-linux-x86_64-fedora-gcc, r-devel-windows-x86_64, r-patched-linux-x86_64, r-release-linux-x86_64, r-release-macos-arm64, r-release-macos-x86_64, r-release-windows-x86_64, r-oldrel-macos-arm64, r-oldrel-macos-x86_64, r-oldrel-windows-x86_64
Version: 0.1.4.2
Check: installed package size
Result: NOTE
installed size is 7.5Mb
sub-directories of 1Mb or more:
libs 3.7Mb
Flavors: r-release-macos-arm64, r-release-macos-x86_64, r-oldrel-macos-arm64, r-oldrel-macos-x86_64