Last updated on 2025-10-31 01:49:16 CET.
| Flavor | Version | Tinstall | Tcheck | Ttotal | Status | Flags | 
|---|---|---|---|---|---|---|
| r-devel-linux-x86_64-debian-clang | 1.1-1 | 4.33 | 48.33 | 52.66 | NOTE | |
| r-devel-linux-x86_64-debian-gcc | 1.1-1 | 3.17 | 38.50 | 41.67 | NOTE | |
| r-devel-linux-x86_64-fedora-clang | 1.1-1 | 78.92 | OK | |||
| r-devel-linux-x86_64-fedora-gcc | 1.1-1 | 72.57 | OK | |||
| r-devel-windows-x86_64 | 1.1-1 | 7.00 | 83.00 | 90.00 | OK | |
| r-patched-linux-x86_64 | 1.1-1 | 4.80 | 52.23 | 57.03 | OK | |
| r-release-linux-x86_64 | 1.1-1 | 3.84 | 52.65 | 56.49 | OK | |
| r-release-macos-arm64 | 1.1-1 | 3.00 | 30.00 | 33.00 | OK | |
| r-release-macos-x86_64 | 1.1-1 | 5.00 | 56.00 | 61.00 | OK | |
| r-release-windows-x86_64 | 1.1-1 | 9.00 | 84.00 | 93.00 | OK | |
| r-oldrel-macos-arm64 | 1.1-1 | 3.00 | 29.00 | 32.00 | OK | |
| r-oldrel-macos-x86_64 | 1.1-1 | 4.00 | 44.00 | 48.00 | OK | |
| r-oldrel-windows-x86_64 | 1.1-1 | 9.00 | 96.00 | 105.00 | OK | 
Version: 1.1-1
Check: CRAN incoming feasibility
Result: NOTE
  Maintainer: ‘Martin Maechler <maechler@stat.math.ethz.ch>’
  
  No Authors@R field in DESCRIPTION.
  Please add one, modifying
    Authors@R: c(person(given = "Marcel",
                        family = "Dettling",
                        role = "aut",
                        email = "marcel.dettling@zhaw.ch"),
                 person(given = "Martin",
                        family = "Maechler",
                        role = c("aut", "cre"),
                        email = "maechler@stat.math.ethz.ch"))
  as necessary.
Flavors: r-devel-linux-x86_64-debian-clang, r-devel-linux-x86_64-debian-gcc