Last updated on 2022-06-26 01:49:02 CEST.
Flavor | Version | Tinstall | Tcheck | Ttotal | Status | Flags |
---|---|---|---|---|---|---|
r-devel-linux-x86_64-debian-clang | 0.95.0 | 12.16 | 313.35 | 325.51 | OK | |
r-devel-linux-x86_64-debian-gcc | 0.95.0 | 9.13 | 220.00 | 229.13 | OK | |
r-devel-linux-x86_64-fedora-clang | 0.95.0 | 388.02 | NOTE | |||
r-devel-linux-x86_64-fedora-gcc | 0.95.0 | 370.61 | OK | |||
r-devel-windows-x86_64 | 0.95.0 | 44.00 | 358.00 | 402.00 | NOTE | |
r-patched-linux-x86_64 | 0.95.0 | 11.63 | 285.88 | 297.51 | OK | |
r-release-linux-x86_64 | 0.95.0 | 9.82 | 287.24 | 297.06 | OK | |
r-release-macos-arm64 | 0.95.0 | 128.00 | NOTE | |||
r-release-macos-x86_64 | 0.95.0 | 169.00 | NOTE | |||
r-release-windows-x86_64 | 0.95.0 | 57.00 | 357.00 | 414.00 | NOTE | |
r-oldrel-macos-arm64 | 0.95.0 | 142.00 | NOTE | |||
r-oldrel-macos-x86_64 | 0.95.0 | 191.00 | NOTE | |||
r-oldrel-windows-ix86+x86_64 | 0.95.0 | 25.00 | 395.00 | 420.00 | NOTE |
Version: 0.95.0
Check: installed package size
Result: NOTE
installed size is 13.4Mb
sub-directories of 1Mb or more:
doc 12.8Mb
Flavors: r-devel-linux-x86_64-fedora-clang, r-devel-windows-x86_64, r-release-macos-arm64, r-release-macos-x86_64, r-release-windows-x86_64, r-oldrel-macos-arm64, r-oldrel-macos-x86_64, r-oldrel-windows-ix86+x86_64