Last updated on 2024-04-24 01:52:29 CEST.
Flavor | Version | Tinstall | Tcheck | Ttotal | Status | Flags |
---|---|---|---|---|---|---|
r-devel-linux-x86_64-debian-clang | 1.2 | 17.98 | 123.26 | 141.24 | NOTE | |
r-devel-linux-x86_64-debian-gcc | 1.2 | 12.85 | 91.19 | 104.04 | NOTE | |
r-devel-linux-x86_64-fedora-clang | 1.2 | 175.78 | NOTE | |||
r-devel-linux-x86_64-fedora-gcc | 1.2 | 166.78 | NOTE | |||
r-prerel-macos-arm64 | 1.2 | 50.00 | NOTE | |||
r-prerel-macos-x86_64 | 1.2 | 95.00 | OK | |||
r-prerel-windows-x86_64 | 1.2 | 15.00 | 98.00 | 113.00 | NOTE | |
r-patched-linux-x86_64 | 1.2 | 16.76 | 119.66 | 136.42 | NOTE | |
r-release-linux-x86_64 | 1.2 | 10.73 | 121.43 | 132.16 | OK | |
r-release-macos-arm64 | 1.2 | 53.00 | OK | |||
r-release-macos-x86_64 | 1.2 | 50.00 | OK | |||
r-release-windows-x86_64 | 1.2 | 20.00 | 123.00 | 143.00 | OK | |
r-oldrel-macos-arm64 | 1.2 | 48.00 | OK | |||
r-oldrel-windows-x86_64 | 1.2 | 21.00 | 130.00 | 151.00 | OK |
Version: 1.2
Check: Rd files
Result: NOTE
checkRd: (-1) BiclustSet-class.Rd:19: Lost braces
19 | \item{\code{Number}:}{code{"numeric"}, number of biclusters in the set}
| ^
Flavors: r-devel-linux-x86_64-debian-clang, r-devel-linux-x86_64-debian-gcc, r-devel-linux-x86_64-fedora-clang, r-devel-linux-x86_64-fedora-gcc, r-prerel-macos-arm64, r-prerel-windows-x86_64, r-patched-linux-x86_64