Last updated on 2025-11-15 03:50:31 CET.
| Flavor | Version | Tinstall | Tcheck | Ttotal | Status | Flags |
|---|---|---|---|---|---|---|
| r-devel-linux-x86_64-debian-clang | 0.1.0-1 | 24.69 | 226.16 | 250.85 | OK | |
| r-devel-linux-x86_64-debian-gcc | 0.1.0-1 | 14.50 | 145.57 | 160.07 | OK | |
| r-devel-linux-x86_64-fedora-clang | 0.1.0-1 | 55.00 | 389.93 | 444.93 | NOTE | |
| r-devel-linux-x86_64-fedora-gcc | 0.1.0-1 | 45.00 | 384.23 | 429.23 | NOTE | |
| r-devel-windows-x86_64 | 0.1.0-1 | 34.00 | 308.00 | 342.00 | OK | |
| r-patched-linux-x86_64 | 0.1.0-1 | 23.80 | 224.08 | 247.88 | OK | |
| r-release-linux-x86_64 | 0.1.0-1 | 22.76 | 215.83 | 238.59 | OK | |
| r-release-macos-arm64 | 0.1.0-1 | 18.00 | 134.00 | 152.00 | OK | |
| r-release-macos-x86_64 | 0.1.0-1 | 21.00 | 244.00 | 265.00 | OK | |
| r-release-windows-x86_64 | 0.1.0-1 | 31.00 | 305.00 | 336.00 | OK | |
| r-oldrel-macos-arm64 | 0.1.0-1 | 9.00 | 97.00 | 106.00 | OK | |
| r-oldrel-macos-x86_64 | 0.1.0-1 | 14.00 | 187.00 | 201.00 | OK | |
| r-oldrel-windows-x86_64 | 0.1.0-1 | 36.00 | 390.00 | 426.00 | OK |
Version: 0.1.0-1
Check: dependencies in R code
Result: NOTE
Namespaces in Imports field not imported from:
‘doParallel’ ‘pROC’
All declared Imports should be used.
Flavors: r-devel-linux-x86_64-fedora-clang, r-devel-linux-x86_64-fedora-gcc