Last updated on 2025-04-30 01:50:39 CEST.
Flavor | Version | Tinstall | Tcheck | Ttotal | Status | Flags |
---|---|---|---|---|---|---|
r-devel-linux-x86_64-debian-clang | 1.0.0 | 63.92 | 74.71 | 138.63 | OK | |
r-devel-linux-x86_64-debian-gcc | 1.0.0 | 43.90 | 53.11 | 97.01 | OK | |
r-devel-linux-x86_64-fedora-clang | 1.0.0 | 223.98 | OK | |||
r-devel-linux-x86_64-fedora-gcc | 1.0.0 | 227.90 | OK | |||
r-devel-windows-x86_64 | 1.0.0 | 62.00 | 123.00 | 185.00 | OK | |
r-patched-linux-x86_64 | 1.0.0 | 61.10 | 72.57 | 133.67 | OK | |
r-release-linux-x86_64 | 1.0.0 | 61.83 | 74.32 | 136.15 | OK | |
r-release-macos-arm64 | 1.0.0 | 61.00 | OK | |||
r-release-macos-x86_64 | 1.0.0 | 107.00 | OK | |||
r-release-windows-x86_64 | 1.0.0 | 59.00 | 126.00 | 185.00 | OK | |
r-oldrel-macos-arm64 | 1.0.0 | 63.00 | NOTE | |||
r-oldrel-macos-x86_64 | 1.0.0 | 83.00 | NOTE | |||
r-oldrel-windows-x86_64 | 1.0.0 | 71.00 | 160.00 | 231.00 | OK |
Version: 1.0.0
Check: installed package size
Result: NOTE
installed size is 8.0Mb
sub-directories of 1Mb or more:
libs 7.4Mb
Flavors: r-oldrel-macos-arm64, r-oldrel-macos-x86_64