Last updated on 2024-04-24 01:52:29 CEST.
Flavor | Version | Tinstall | Tcheck | Ttotal | Status | Flags |
---|---|---|---|---|---|---|
r-devel-linux-x86_64-debian-clang | 1.0 | 8.70 | 116.26 | 124.96 | OK | |
r-devel-linux-x86_64-debian-gcc | 1.0 | 5.36 | 86.61 | 91.97 | OK | |
r-devel-linux-x86_64-fedora-clang | 1.0 | 151.65 | OK | |||
r-devel-linux-x86_64-fedora-gcc | 1.0 | 160.57 | OK | |||
r-prerel-macos-arm64 | 1.0 | 49.00 | OK | |||
r-prerel-windows-x86_64 | 1.0 | 7.00 | 101.00 | 108.00 | OK | |
r-patched-linux-x86_64 | 1.0 | 6.77 | 111.12 | 117.89 | OK | |
r-release-linux-x86_64 | 1.0 | 5.33 | 113.81 | 119.14 | OK | |
r-release-macos-arm64 | 1.0 | 68.00 | OK | |||
r-release-macos-x86_64 | 1.0 | 111.00 | OK | |||
r-release-windows-x86_64 | 1.0 | 9.00 | 124.00 | 133.00 | OK | |
r-oldrel-macos-arm64 | 1.0 | 56.00 | NOTE | |||
r-oldrel-windows-x86_64 | 1.0 | 9.00 | 128.00 | 137.00 | OK |
Version: 1.0
Check: package dependencies
Result: NOTE
Package suggested but not available for checking: ‘BiocParallel’
Flavor: r-oldrel-macos-arm64