Last updated on 2025-10-25 01:51:18 CEST.
| Flavor | Version | Tinstall | Tcheck | Ttotal | Status | Flags |
|---|---|---|---|---|---|---|
| r-devel-linux-x86_64-debian-clang | 1.0 | 207.97 | 554.15 | 762.12 | OK | |
| r-devel-linux-x86_64-debian-gcc | 1.0 | 186.75 | 388.51 | 575.26 | OK | |
| r-devel-linux-x86_64-fedora-clang | 1.0 | 960.00 | 248.72 | 1208.72 | OK | |
| r-devel-linux-x86_64-fedora-gcc | 1.0 | 516.00 | 757.12 | 1273.12 | OK | |
| r-devel-windows-x86_64 | 1.0 | 212.00 | 570.00 | 782.00 | OK | |
| r-patched-linux-x86_64 | 1.0 | 224.23 | 564.16 | 788.39 | OK | |
| r-release-linux-x86_64 | 1.0 | 232.29 | 563.84 | 796.13 | OK | |
| r-release-macos-arm64 | 1.0 | 87.00 | 133.00 | 220.00 | OK | |
| r-release-macos-x86_64 | 1.0 | 201.00 | 477.00 | 678.00 | OK | |
| r-release-windows-x86_64 | 1.0 | 204.00 | 578.00 | 782.00 | OK | |
| r-oldrel-macos-arm64 | 1.0 | 84.00 | 174.00 | 258.00 | NOTE | |
| r-oldrel-macos-x86_64 | 1.0 | 210.00 | 483.00 | 693.00 | NOTE | |
| r-oldrel-windows-x86_64 | 1.0 | 243.00 | 784.00 | 1027.00 | NOTE |
Version: 1.0
Check: installed package size
Result: NOTE
installed size is 71.1Mb
sub-directories of 1Mb or more:
doc 3.9Mb
libs 66.5Mb
Flavors: r-oldrel-macos-arm64, r-oldrel-macos-x86_64, r-oldrel-windows-x86_64
Version: 1.0
Check: for GNU extensions in Makefiles
Result: NOTE
GNU make is a SystemRequirements.
Flavors: r-oldrel-macos-arm64, r-oldrel-macos-x86_64, r-oldrel-windows-x86_64