Last updated on 2024-04-24 01:52:29 CEST.
Flavor | Version | Tinstall | Tcheck | Ttotal | Status | Flags |
---|---|---|---|---|---|---|
r-devel-linux-x86_64-debian-clang | 1.3.2 | 25.64 | 173.26 | 198.90 | NOTE | |
r-devel-linux-x86_64-debian-gcc | 1.3.2 | 18.62 | 120.83 | 139.45 | NOTE | |
r-devel-linux-x86_64-fedora-clang | 1.3.2 | 238.61 | NOTE | |||
r-devel-linux-x86_64-fedora-gcc | 1.3.2 | 222.03 | NOTE | |||
r-prerel-macos-arm64 | 1.3.2 | 56.00 | NOTE | |||
r-prerel-windows-x86_64 | 1.3.2 | 20.00 | 129.00 | 149.00 | NOTE | |
r-patched-linux-x86_64 | 1.3.2 | 26.84 | 162.42 | 189.26 | NOTE | |
r-release-linux-x86_64 | 1.3.2 | 15.26 | 164.98 | 180.24 | OK | |
r-release-macos-arm64 | 1.3.2 | 69.00 | OK | |||
r-release-macos-x86_64 | 1.3.2 | 111.00 | OK | |||
r-release-windows-x86_64 | 1.3.2 | 30.00 | 159.00 | 189.00 | OK | |
r-oldrel-macos-arm64 | 1.3.2 | 69.00 | OK | |||
r-oldrel-windows-x86_64 | 1.3.2 | 28.00 | 160.00 | 188.00 | OK |
Version: 1.3.2
Check: Rd files
Result: NOTE
checkRd: (-1) tprob.Rd:138: Lost braces in \itemize; meant \describe ?
checkRd: (-1) tprob.Rd:139: Lost braces in \itemize; meant \describe ?
checkRd: (-1) tprob.Rd:140: Lost braces in \itemize; meant \describe ?
checkRd: (-1) tprob.Rd:141: Lost braces in \itemize; meant \describe ?
checkRd: (-1) tprob.Rd:142: Lost braces in \itemize; meant \describe ?
checkRd: (-1) tprob.Rd:143: Lost braces in \itemize; meant \describe ?
checkRd: (-1) tprob.Rd:144: Lost braces in \itemize; meant \describe ?
checkRd: (-1) tprob.Rd:145: Lost braces in \itemize; meant \describe ?
checkRd: (-1) tprob.Rd:146: Lost braces in \itemize; meant \describe ?
Flavors: r-devel-linux-x86_64-debian-clang, r-devel-linux-x86_64-debian-gcc, r-devel-linux-x86_64-fedora-clang, r-devel-linux-x86_64-fedora-gcc, r-prerel-macos-arm64, r-prerel-windows-x86_64, r-patched-linux-x86_64