Last updated on 2024-08-16 01:48:31 CEST.
Flavor | Version | Tinstall | Tcheck | Ttotal | Status | Flags |
---|---|---|---|---|---|---|
r-devel-linux-x86_64-debian-clang | 2.3.4 | 9.97 | 78.31 | 88.28 | OK | |
r-devel-linux-x86_64-debian-gcc | 2.3.4 | 7.56 | 55.56 | 63.12 | OK | |
r-devel-linux-x86_64-fedora-clang | 2.3.4 | 147.36 | NOTE | |||
r-devel-linux-x86_64-fedora-gcc | 2.3.4 | 138.57 | NOTE | |||
r-devel-windows-x86_64 | 2.3.4 | 14.00 | 94.00 | 108.00 | OK | |
r-patched-linux-x86_64 | 2.3.4 | 9.35 | 75.20 | 84.55 | OK | |
r-release-linux-x86_64 | 2.3.4 | 10.44 | 74.85 | 85.29 | OK | |
r-release-macos-arm64 | 2.3.4 | 46.00 | OK | |||
r-release-macos-x86_64 | 2.3.4 | 120.00 | OK | |||
r-release-windows-x86_64 | 2.3.4 | 13.00 | 91.00 | 104.00 | OK | |
r-oldrel-macos-arm64 | 2.3.4 | 48.00 | OK | |||
r-oldrel-macos-x86_64 | 2.3.4 | 87.00 | OK | |||
r-oldrel-windows-x86_64 | 2.3.4 | 16.00 | 113.00 | 129.00 | OK |
Version: 2.3.4
Check: data for non-ASCII characters
Result: NOTE
Note: found 607 marked UTF-8 strings
Flavors: r-devel-linux-x86_64-fedora-clang, r-devel-linux-x86_64-fedora-gcc