Last updated on 2024-04-19 01:59:03 CEST.
Flavor | Version | Tinstall | Tcheck | Ttotal | Status | Flags |
---|---|---|---|---|---|---|
r-devel-linux-x86_64-debian-clang | 2.3.2 | 13.47 | 94.39 | 107.86 | OK | |
r-devel-linux-x86_64-debian-gcc | 2.3.2 | 8.32 | 68.95 | 77.27 | OK | |
r-devel-linux-x86_64-fedora-clang | 2.3.2 | 130.40 | NOTE | |||
r-devel-linux-x86_64-fedora-gcc | 2.3.2 | 123.39 | NOTE | |||
r-prerel-macos-arm64 | 2.3.2 | 36.00 | OK | |||
r-prerel-macos-x86_64 | 2.3.2 | 70.00 | OK | |||
r-prerel-windows-x86_64 | 2.3.2 | 14.00 | 88.00 | 102.00 | OK | |
r-patched-linux-x86_64 | 2.3.2 | 12.45 | 88.55 | 101.00 | OK | |
r-release-linux-x86_64 | 2.3.2 | 7.01 | 90.46 | 97.47 | OK | |
r-release-macos-arm64 | 2.3.2 | 39.00 | OK | |||
r-release-macos-x86_64 | 2.3.2 | 82.00 | OK | |||
r-release-windows-x86_64 | 2.3.2 | 15.00 | 102.00 | 117.00 | OK | |
r-oldrel-macos-arm64 | 2.3.2 | 36.00 | OK | |||
r-oldrel-windows-x86_64 | 2.3.2 | 16.00 | 104.00 | 120.00 | OK |
Version: 2.3.2
Check: data for non-ASCII characters
Result: NOTE
Note: found 177 marked UTF-8 strings
Flavors: r-devel-linux-x86_64-fedora-clang, r-devel-linux-x86_64-fedora-gcc