Last updated on 2025-05-05 01:51:05 CEST.
Flavor | Version | Tinstall | Tcheck | Ttotal | Status | Flags |
---|---|---|---|---|---|---|
r-devel-linux-x86_64-debian-clang | 1.1.8 | 8.20 | 68.69 | 76.89 | NOTE | |
r-devel-linux-x86_64-debian-gcc | 1.1.8 | 5.83 | 49.38 | 55.21 | NOTE | |
r-devel-linux-x86_64-fedora-clang | 1.1.8 | 122.61 | OK | |||
r-devel-linux-x86_64-fedora-gcc | 1.1.8 | 116.57 | OK | |||
r-devel-windows-x86_64 | 1.1.8 | 9.00 | 82.00 | 91.00 | OK | |
r-patched-linux-x86_64 | 1.1.8 | 6.82 | 64.85 | 71.67 | OK | |
r-release-linux-x86_64 | 1.1.8 | 6.96 | 65.14 | 72.10 | OK | |
r-release-macos-arm64 | 1.1.8 | 39.00 | OK | |||
r-release-macos-x86_64 | 1.1.8 | 64.00 | OK | |||
r-release-windows-x86_64 | 1.1.8 | 9.00 | 81.00 | 90.00 | OK | |
r-oldrel-macos-arm64 | 1.1.8 | 34.00 | OK | |||
r-oldrel-macos-x86_64 | 1.1.8 | 52.00 | OK | |||
r-oldrel-windows-x86_64 | 1.1.8 | 11.00 | 97.00 | 108.00 | OK |
Version: 1.1.8
Check: CRAN incoming feasibility
Result: NOTE
Maintainer: ‘David Moriña Soler <dmorina@ub.edu>’
Package CITATION file contains call(s) to old-style personList() or
as.personList(). Please use c() on person objects instead.
Package CITATION file contains call(s) to old-style citEntry(). Please
use bibentry() instead.
Flavors: r-devel-linux-x86_64-debian-clang, r-devel-linux-x86_64-debian-gcc