CRAN Package Check Results for Package svrpath

Last updated on 2025-11-20 03:50:26 CET.

Flavor Version Tinstall Tcheck Ttotal Status Flags
r-devel-linux-x86_64-debian-clang 0.1.2 4.93 42.25 47.18 OK
r-devel-linux-x86_64-debian-gcc 0.1.2 4.00 30.98 34.98 OK
r-devel-linux-x86_64-fedora-clang 0.1.2 15.00 56.06 71.06 OK
r-devel-linux-x86_64-fedora-gcc 0.1.2 11.00 58.61 69.61 OK
r-devel-windows-x86_64 0.1.2 6.00 54.00 60.00 OK
r-patched-linux-x86_64 0.1.2 4.73 39.91 44.64 OK
r-release-linux-x86_64 0.1.2 5.28 40.36 45.64 OK
r-release-macos-arm64 0.1.2 OK
r-release-macos-x86_64 0.1.2 5.00 36.00 41.00 OK
r-release-windows-x86_64 0.1.2 5.00 53.00 58.00 OK
r-oldrel-macos-arm64 0.1.2 NOTE
r-oldrel-macos-x86_64 0.1.2 4.00 29.00 33.00 NOTE
r-oldrel-windows-x86_64 0.1.2 5.00 54.00 59.00 NOTE

Additional issues

donttest

Check Details

Version: 0.1.2
Check: LazyData
Result: NOTE 'LazyData' is specified without a 'data' directory Flavors: r-oldrel-macos-arm64, r-oldrel-macos-x86_64, r-oldrel-windows-x86_64