Last updated on 2024-04-23 01:57:17 CEST.
Flavor | Version | Tinstall | Tcheck | Ttotal | Status | Flags |
---|---|---|---|---|---|---|
r-devel-linux-x86_64-debian-clang | 0.2.6 | 529.82 | 72.86 | 602.68 | NOTE | |
r-devel-linux-x86_64-debian-gcc | 0.2.6 | 556.21 | 55.70 | 611.91 | NOTE | |
r-devel-linux-x86_64-fedora-clang | 0.2.6 | 1118.78 | NOTE | |||
r-devel-linux-x86_64-fedora-gcc | 0.2.6 | 1159.55 | NOTE | |||
r-prerel-macos-arm64 | 0.2.6 | 222.00 | NOTE | |||
r-prerel-macos-x86_64 | 0.2.6 | 321.00 | NOTE | |||
r-prerel-windows-x86_64 | 0.2.6 | 526.00 | 189.00 | 715.00 | NOTE | |
r-patched-linux-x86_64 | 0.2.6 | 675.28 | 72.80 | 748.08 | NOTE | |
r-release-linux-x86_64 | 0.2.6 | 671.20 | 70.82 | 742.02 | NOTE | |
r-release-macos-arm64 | 0.2.6 | 296.00 | NOTE | |||
r-release-macos-x86_64 | 0.2.6 | 321.00 | NOTE | |||
r-release-windows-x86_64 | 0.2.6 | 610.00 | 241.00 | 851.00 | NOTE | |
r-oldrel-macos-arm64 | 0.2.6 | 268.00 | NOTE | |||
r-oldrel-windows-x86_64 | 0.2.6 | 631.00 | 207.00 | 838.00 | NOTE |
Version: 0.2.6
Check: package dependencies
Result: NOTE
Package suggested but not available for checking: ‘odeintr’
Flavors: r-devel-linux-x86_64-debian-clang, r-devel-linux-x86_64-debian-gcc, r-devel-linux-x86_64-fedora-clang, r-devel-linux-x86_64-fedora-gcc, r-patched-linux-x86_64, r-release-linux-x86_64
Version: 0.2.6
Check: installed package size
Result: NOTE
installed size is 7.0Mb
sub-directories of 1Mb or more:
libs 6.2Mb
Flavors: r-devel-linux-x86_64-fedora-clang, r-prerel-macos-arm64, r-prerel-macos-x86_64, r-prerel-windows-x86_64, r-release-macos-arm64, r-release-macos-x86_64, r-release-windows-x86_64, r-oldrel-macos-arm64, r-oldrel-windows-x86_64
Version: 0.2.6
Check: for GNU extensions in Makefiles
Result: NOTE
GNU make is a SystemRequirements.
Flavors: r-devel-linux-x86_64-fedora-clang, r-devel-linux-x86_64-fedora-gcc, r-prerel-macos-arm64, r-prerel-macos-x86_64, r-release-macos-arm64, r-release-macos-x86_64, r-oldrel-macos-arm64
Version: 0.2.6
Check: compiled code
Result: NOTE
File ‘symengine/libs/symengine.so’:
Found non-API call to R: ‘IS_SCALAR’
Compiled code should not call non-API entry points in R.
See ‘Writing portable packages’ in the ‘Writing R Extensions’ manual.
Flavors: r-devel-linux-x86_64-fedora-clang, r-devel-linux-x86_64-fedora-gcc