Last updated on 2025-05-05 01:51:05 CEST.
Flavor | Version | Tinstall | Tcheck | Ttotal | Status | Flags |
---|---|---|---|---|---|---|
r-devel-linux-x86_64-debian-clang | 0.2.10 | 389.13 | 57.99 | 447.12 | OK | |
r-devel-linux-x86_64-debian-gcc | 0.2.10 | 359.64 | 42.87 | 402.51 | OK | |
r-devel-linux-x86_64-fedora-clang | 0.2.10 | 1000.10 | OK | |||
r-devel-linux-x86_64-fedora-gcc | 0.2.10 | 1357.87 | OK | |||
r-devel-windows-x86_64 | 0.2.10 | 516.00 | 150.00 | 666.00 | OK | |
r-patched-linux-x86_64 | 0.2.10 | 504.01 | 56.28 | 560.29 | OK | |
r-release-linux-x86_64 | 0.2.10 | 498.89 | 55.70 | 554.59 | OK | |
r-release-macos-arm64 | 0.2.10 | 243.00 | OK | |||
r-release-macos-x86_64 | 0.2.10 | 297.00 | OK | |||
r-release-windows-x86_64 | 0.2.10 | 536.00 | 148.00 | 684.00 | OK | |
r-oldrel-macos-arm64 | 0.2.10 | 302.00 | NOTE | |||
r-oldrel-macos-x86_64 | 0.2.10 | 302.00 | NOTE | |||
r-oldrel-windows-x86_64 | 0.2.10 | 501.00 | 182.00 | 683.00 | NOTE |
Version: 0.2.10
Check: installed package size
Result: NOTE
installed size is 45.5Mb
sub-directories of 1Mb or more:
libs 44.9Mb
Flavors: r-oldrel-macos-arm64, r-oldrel-macos-x86_64, r-oldrel-windows-x86_64
Version: 0.2.10
Check: for GNU extensions in Makefiles
Result: NOTE
GNU make is a SystemRequirements.
Flavors: r-oldrel-macos-arm64, r-oldrel-macos-x86_64