Last updated on 2024-04-23 01:57:17 CEST.
Flavor | Version | Tinstall | Tcheck | Ttotal | Status | Flags |
---|---|---|---|---|---|---|
r-devel-linux-x86_64-debian-clang | 0.2.3 | 252.24 | 41.09 | 293.33 | OK | |
r-devel-linux-x86_64-debian-gcc | 0.2.3 | 173.98 | 31.58 | 205.56 | OK | |
r-devel-linux-x86_64-fedora-clang | 0.2.3 | 455.57 | OK | |||
r-devel-linux-x86_64-fedora-gcc | 0.2.3 | 417.76 | OK | |||
r-prerel-macos-arm64 | 0.2.3 | 69.00 | OK | |||
r-prerel-windows-x86_64 | 0.2.3 | 184.00 | 71.00 | 255.00 | OK | |
r-patched-linux-x86_64 | 0.2.3 | 221.20 | 38.40 | 259.60 | OK | |
r-release-linux-x86_64 | 0.2.3 | 230.26 | 39.33 | 269.59 | OK | |
r-release-macos-arm64 | 0.2.3 | 88.00 | NOTE | |||
r-release-macos-x86_64 | 0.2.3 | 152.00 | OK | |||
r-release-windows-x86_64 | 0.2.3 | 218.00 | 84.00 | 302.00 | OK | |
r-oldrel-macos-arm64 | 0.2.3 | 81.00 | OK | |||
r-oldrel-windows-x86_64 | 0.2.3 | 211.00 | 81.00 | 292.00 | OK |
Version: 0.2.3
Check: installed package size
Result: NOTE
installed size is 5.0Mb
sub-directories of 1Mb or more:
libs 4.9Mb
Flavor: r-release-macos-arm64