Last updated on 2022-05-27 02:50:28 CEST.
Flavor | Version | Tinstall | Tcheck | Ttotal | Status | Flags |
---|---|---|---|---|---|---|
r-devel-linux-x86_64-debian-clang | 1.3.5 | 28.04 | 39.07 | 67.11 | OK | |
r-devel-linux-x86_64-debian-gcc | 1.3.5 | 20.83 | 33.46 | 54.29 | OK | |
r-devel-linux-x86_64-fedora-clang | 1.3.5 | 92.64 | NOTE | |||
r-devel-linux-x86_64-fedora-gcc | 1.3.5 | 74.07 | NOTE | |||
r-devel-windows-x86_64 | 1.3.5 | 221.00 | 76.00 | 297.00 | OK | |
r-patched-linux-x86_64 | 1.3.5 | 23.54 | 37.59 | 61.13 | OK | |
r-release-linux-x86_64 | 1.3.5 | 22.44 | 36.40 | 58.84 | OK | |
r-release-macos-arm64 | 1.3.5 | 26.00 | OK | |||
r-release-macos-x86_64 | 1.3.5 | 36.00 | OK | |||
r-release-windows-x86_64 | 1.3.5 | 73.00 | 76.00 | 149.00 | OK | |
r-oldrel-macos-arm64 | 1.3.5 | 31.00 | OK | |||
r-oldrel-macos-x86_64 | 1.3.5 | 49.00 | OK | |||
r-oldrel-windows-ix86+x86_64 | 1.3.5 | 79.00 | 74.00 | 153.00 | OK |
Version: 1.3.5
Check: top-level files
Result: NOTE
possible bashism in configure line 12 (echo -n):
echo -n " checking for Sun Studio compiler..."
possible bashism in configure line 22 (echo -n):
echo -n " checking for OS..."
Flavors: r-devel-linux-x86_64-fedora-clang, r-devel-linux-x86_64-fedora-gcc