Last updated on 2024-04-18 01:55:37 CEST.
Flavor | Version | Tinstall | Tcheck | Ttotal | Status | Flags |
---|---|---|---|---|---|---|
r-devel-linux-x86_64-debian-clang | 1.0.4 | 8.35 | 80.99 | 89.34 | NOTE | |
r-devel-linux-x86_64-debian-gcc | 1.0.4 | 7.41 | 59.74 | 67.15 | NOTE | |
r-devel-linux-x86_64-fedora-clang | 1.0.4 | 112.00 | NOTE | |||
r-devel-linux-x86_64-fedora-gcc | 1.0.4 | 106.14 | NOTE | |||
r-prerel-macos-arm64 | 1.0.4 | 33.00 | OK | |||
r-prerel-windows-x86_64 | 1.0.4 | 10.00 | 86.00 | 96.00 | OK | |
r-patched-linux-x86_64 | 1.0.4 | 8.35 | 74.94 | 83.29 | NOTE | |
r-release-linux-x86_64 | 1.0.4 | 10.22 | 75.41 | 85.63 | NOTE | |
r-release-macos-arm64 | 1.0.4 | 36.00 | OK | |||
r-release-macos-x86_64 | 1.0.4 | 52.00 | OK | |||
r-release-windows-x86_64 | 1.0.4 | 13.00 | 99.00 | 112.00 | OK | |
r-oldrel-macos-arm64 | 1.0.4 | 36.00 | OK | |||
r-oldrel-windows-x86_64 | 1.0.4 | 11.00 | 97.00 | 108.00 | OK |
Version: 1.0.4
Check: for non-standard things in the check directory
Result: NOTE
Found the following files/directories:
‘test.csv’
Flavors: r-devel-linux-x86_64-debian-clang, r-devel-linux-x86_64-debian-gcc, r-devel-linux-x86_64-fedora-clang, r-devel-linux-x86_64-fedora-gcc, r-patched-linux-x86_64, r-release-linux-x86_64