Last updated on 2022-07-03 01:49:07 CEST.
Flavor | Version | Tinstall | Tcheck | Ttotal | Status | Flags |
---|---|---|---|---|---|---|
r-devel-linux-x86_64-debian-clang | 1.0.4 | 9.12 | 83.13 | 92.25 | NOTE | |
r-devel-linux-x86_64-debian-gcc | 1.0.4 | 7.59 | 60.64 | 68.23 | NOTE | |
r-devel-linux-x86_64-fedora-clang | 1.0.4 | 122.31 | NOTE | |||
r-devel-linux-x86_64-fedora-gcc | 1.0.4 | 119.17 | NOTE | |||
r-devel-windows-x86_64 | 1.0.4 | 30.00 | 114.00 | 144.00 | OK | |
r-patched-linux-x86_64 | 1.0.4 | 7.58 | 79.15 | 86.73 | NOTE | |
r-release-linux-x86_64 | 1.0.4 | 8.46 | 78.68 | 87.14 | NOTE | |
r-release-macos-arm64 | 1.0.4 | 36.00 | OK | |||
r-release-macos-x86_64 | 1.0.4 | 66.00 | OK | |||
r-release-windows-x86_64 | 1.0.4 | 39.00 | 116.00 | 155.00 | OK | |
r-oldrel-macos-arm64 | 1.0.4 | 43.00 | OK | |||
r-oldrel-macos-x86_64 | 1.0.4 | 69.00 | OK | |||
r-oldrel-windows-ix86+x86_64 | 1.0.4 | 21.00 | 102.00 | 123.00 | OK |
Version: 1.0.4
Check: for non-standard things in the check directory
Result: NOTE
Found the following files/directories:
'test.csv'
Flavors: r-devel-linux-x86_64-debian-clang, r-devel-linux-x86_64-debian-gcc, r-devel-linux-x86_64-fedora-clang, r-devel-linux-x86_64-fedora-gcc, r-patched-linux-x86_64, r-release-linux-x86_64