CRAN Package Check Results for Package syslognet

Last updated on 2022-06-30 01:49:21 CEST.

Flavor Version Tinstall Tcheck Ttotal Status Flags
r-devel-linux-x86_64-debian-clang 0.1.2.1 1.96 19.76 21.72 NOTE
r-devel-linux-x86_64-debian-gcc 0.1.2.1 1.34 15.72 17.06 NOTE
r-devel-linux-x86_64-fedora-clang 0.1.2.1 36.81 NOTE
r-devel-linux-x86_64-fedora-gcc 0.1.2.1 36.99 NOTE
r-devel-windows-x86_64 0.1.2.1 13.00 45.00 58.00 NOTE
r-patched-linux-x86_64 0.1.2.1 1.63 20.01 21.64 NOTE
r-release-linux-x86_64 0.1.2.1 1.68 19.78 21.46 NOTE
r-release-macos-arm64 0.1.2.1 14.00 NOTE
r-release-macos-x86_64 0.1.2.1 19.00 NOTE
r-release-windows-x86_64 0.1.2.1 5.00 45.00 50.00 NOTE
r-oldrel-macos-arm64 0.1.2.1 15.00 NOTE
r-oldrel-macos-x86_64 0.1.2.1 22.00 NOTE
r-oldrel-windows-ix86+x86_64 0.1.2.1 4.00 27.00 31.00 NOTE

Check Details

Version: 0.1.2.1
Check: LazyData
Result: NOTE
     'LazyData' is specified without a 'data' directory
Flavors: r-devel-linux-x86_64-debian-clang, r-devel-linux-x86_64-debian-gcc, r-devel-linux-x86_64-fedora-clang, r-devel-linux-x86_64-fedora-gcc, r-devel-windows-x86_64, r-patched-linux-x86_64, r-release-linux-x86_64, r-release-macos-arm64, r-release-macos-x86_64, r-release-windows-x86_64, r-oldrel-macos-arm64, r-oldrel-macos-x86_64, r-oldrel-windows-ix86+x86_64