CRAN Package Check Results for Package syuzhet

Last updated on 2022-07-03 01:49:07 CEST.

Flavor Version Tinstall Tcheck Ttotal Status Flags
r-devel-linux-x86_64-debian-clang 1.0.6 12.99 775.81 788.80 NOTE
r-devel-linux-x86_64-debian-gcc 1.0.6 10.76 589.88 600.64 NOTE
r-devel-linux-x86_64-fedora-clang 1.0.6 924.06 NOTE
r-devel-linux-x86_64-fedora-gcc 1.0.6 947.26 NOTE
r-devel-windows-x86_64 1.0.6 18.00 785.00 803.00 NOTE
r-patched-linux-x86_64 1.0.6 12.69 729.95 742.64 NOTE
r-release-linux-x86_64 1.0.6 12.72 748.29 761.01 NOTE
r-release-macos-arm64 1.0.6 133.00 NOTE
r-release-macos-x86_64 1.0.6 452.00 NOTE
r-release-windows-x86_64 1.0.6 24.00 808.00 832.00 NOTE
r-oldrel-macos-arm64 1.0.6 142.00 NOTE
r-oldrel-macos-x86_64 1.0.6 222.00 NOTE
r-oldrel-windows-ix86+x86_64 1.0.6 23.00 883.00 906.00 NOTE

Check Details

Version: 1.0.6
Check: LazyData
Result: NOTE
     'LazyData' is specified without a 'data' directory
Flavors: r-devel-linux-x86_64-debian-clang, r-devel-linux-x86_64-debian-gcc, r-devel-linux-x86_64-fedora-clang, r-devel-linux-x86_64-fedora-gcc, r-devel-windows-x86_64, r-patched-linux-x86_64, r-release-linux-x86_64, r-release-macos-arm64, r-release-macos-x86_64, r-release-windows-x86_64, r-oldrel-macos-arm64, r-oldrel-macos-x86_64, r-oldrel-windows-ix86+x86_64

Version: 1.0.6
Check: installed package size
Result: NOTE
     installed size is 5.3Mb
     sub-directories of 1Mb or more:
     R 1.3Mb
     extdata 3.1Mb
Flavors: r-devel-linux-x86_64-fedora-clang, r-devel-windows-x86_64, r-release-macos-arm64, r-release-macos-x86_64, r-release-windows-x86_64, r-oldrel-macos-arm64, r-oldrel-macos-x86_64, r-oldrel-windows-ix86+x86_64