CRAN Package Check Results for Package tab

Last updated on 2020-02-25 11:50:12 CET.

Flavor Version Tinstall Tcheck Ttotal Status Flags
r-devel-linux-x86_64-debian-clang 4.1.1 14.93 103.56 118.49 OK
r-devel-linux-x86_64-debian-gcc 4.1.1 10.46 78.54 89.00 OK
r-devel-linux-x86_64-fedora-clang 4.1.1 149.27 NOTE
r-devel-linux-x86_64-fedora-gcc 4.1.1 135.30 NOTE
r-devel-windows-ix86+x86_64 4.1.1 19.00 115.00 134.00 OK
r-devel-windows-ix86+x86_64-gcc8 4.1.1 23.00 108.00 131.00 OK
r-patched-linux-x86_64 4.1.1 12.71 89.95 102.66 OK
r-patched-solaris-x86 4.1.1 184.30 NOTE
r-release-linux-x86_64 4.1.1 11.64 89.94 101.58 OK
r-release-windows-ix86+x86_64 4.1.1 19.00 101.00 120.00 OK
r-release-osx-x86_64 4.1.1 NOTE
r-oldrel-windows-ix86+x86_64 4.1.1 15.00 104.00 119.00 OK
r-oldrel-osx-x86_64 4.1.1 NOTE

Check Details

Version: 4.1.1
Check: dependencies in R code
Result: NOTE
    Namespaces in Imports field not imported from:
     ‘gee’ ‘survival’
     All declared Imports should be used.
Flavors: r-devel-linux-x86_64-fedora-clang, r-devel-linux-x86_64-fedora-gcc, r-patched-solaris-x86, r-release-osx-x86_64, r-oldrel-osx-x86_64