CRAN Package Check Results for Package taber

Last updated on 2025-05-19 02:49:50 CEST.

Flavor Version Tinstall Tcheck Ttotal Status Flags
r-devel-linux-x86_64-debian-clang 0.1.2 3.61 31.25 34.86 OK
r-devel-linux-x86_64-debian-gcc 0.1.2 2.29 23.77 26.06 OK
r-devel-linux-x86_64-fedora-clang 0.1.2 57.21 OK
r-devel-linux-x86_64-fedora-gcc 0.1.2 52.25 OK
r-devel-windows-x86_64 0.1.2 5.00 58.00 63.00 OK
r-patched-linux-x86_64 0.1.2 3.71 29.24 32.95 OK
r-release-linux-x86_64 0.1.2 3.75 29.61 33.36 OK
r-release-macos-arm64 0.1.2 21.00 OK
r-release-macos-x86_64 0.1.2 36.00 OK
r-release-windows-x86_64 0.1.2 4.00 54.00 58.00 OK
r-oldrel-macos-arm64 0.1.2 20.00 NOTE
r-oldrel-macos-x86_64 0.1.2 31.00 NOTE
r-oldrel-windows-x86_64 0.1.2 6.00 57.00 63.00 NOTE

Check Details

Version: 0.1.2
Check: LazyData
Result: NOTE 'LazyData' is specified without a 'data' directory Flavors: r-oldrel-macos-arm64, r-oldrel-macos-x86_64, r-oldrel-windows-x86_64